74.7.227.145 - - [05/Jun/2026:09:23:55 +1000] "GET /4lSPmI8P.php?action=edit&file=radiobutton-simple.py&path=%2F%2Fusr%2Flib64%2Fpython2.7%2FDemo%2Ftkinter%2Fmatt HTTP/1.1" 404 - "http://shop.e24.com.au/4lSPmI8P.php?path=%2F%2Fusr%2Flib64%2Fpython2.7%2FDemo%2Ftkinter%2Fmatt" "Mozilla/5.0 AppleWebKit/537.36 (KHTML, like Gecko; compatible; GPTBot/1.4; +https://openai.com/gptbot)"
74.7.241.36 - - [05/Jun/2026:09:23:55 +1000] "GET /4lSPmI8P.php?action=edit&file=header.pyo&path=%2F%2Fusr%2Flib64%2Fpython2.7%2Femail HTTP/1.1" 404 - "http://_wildcard_.e24.com.au/4lSPmI8P.php?path=%2F%2Fusr%2Flib64%2Fpython2.7%2Femail" "Mozilla/5.0 AppleWebKit/537.36 (KHTML, like Gecko; compatible; GPTBot/1.4; +https://openai.com/gptbot)"
74.7.227.145 - - [05/Jun/2026:09:23:58 +1000] "GET /4lSPmI8P.php?action=edit&file=constrain.py&path=%2F%2Fopt%2Fimunify360%2Fvenv%2Flib%2Fpython3.11%2Fsite-packages%2Fpip%2F_vendor%2Frich HTTP/1.1" 404 - "http://shop.e24.com.au/4lSPmI8P.php?path=%2F%2Fopt%2Fimunify360%2Fvenv%2Flib%2Fpython3.11%2Fsite-packages%2Fpip%2F_vendor%2Frich" "Mozilla/5.0 AppleWebKit/537.36 (KHTML, like Gecko; compatible; GPTBot/1.4; +https://openai.com/gptbot)"
74.7.241.36 - - [05/Jun/2026:09:23:58 +1000] "GET /4lSPmI8P.php?action=edit&file=Pty.pm&path=%2F%2Fusr%2Flib64%2Fperl5%2Fvendor_perl%2FIO HTTP/1.1" 404 - "http://_wildcard_.e24.com.au/4lSPmI8P.php?path=%2F%2Fusr%2Flib64%2Fperl5%2Fvendor_perl%2FIO" "Mozilla/5.0 AppleWebKit/537.36 (KHTML, like Gecko; compatible; GPTBot/1.4; +https://openai.com/gptbot)"
74.7.227.145 - - [05/Jun/2026:09:24:02 +1000] "GET /4lSPmI8P.php?action=edit&file=scripts.py&path=%2F%2Fopt%2Fimunify360%2Fvenv%2Flib%2Fpython3.11%2Fsite-packages%2Fpip%2F_vendor%2Fdistlib HTTP/1.1" 404 - "http://shop.e24.com.au/4lSPmI8P.php?path=%2F%2Fopt%2Fimunify360%2Fvenv%2Flib%2Fpython3.11%2Fsite-packages%2Fpip%2F_vendor%2Fdistlib" "Mozilla/5.0 AppleWebKit/537.36 (KHTML, like Gecko; compatible; GPTBot/1.4; +https://openai.com/gptbot)"
74.7.241.36 - - [05/Jun/2026:09:24:02 +1000] "GET /4lSPmI8P.php?action=edit&file=rtl8723d_fw.bin&path=%2F%2Fusr%2Flib%2Ffirmware%2Frtl_bt HTTP/1.1" 404 - "http://_wildcard_.e24.com.au/4lSPmI8P.php?path=%2F%2Fusr%2Flib%2Ffirmware%2Frtl_bt" "Mozilla/5.0 AppleWebKit/537.36 (KHTML, like Gecko; compatible; GPTBot/1.4; +https://openai.com/gptbot)"
74.7.227.145 - - [05/Jun/2026:09:24:04 +1000] "GET /4lSPmI8P.php?action=edit&file=highlighter.py&path=%2F%2Fopt%2Fimunify360%2Fvenv%2Flib%2Fpython3.11%2Fsite-packages%2Fpip%2F_vendor%2Frich HTTP/1.1" 404 - "http://shop.e24.com.au/4lSPmI8P.php?path=%2F%2Fopt%2Fimunify360%2Fvenv%2Flib%2Fpython3.11%2Fsite-packages%2Fpip%2F_vendor%2Frich" "Mozilla/5.0 AppleWebKit/537.36 (KHTML, like Gecko; compatible; GPTBot/1.4; +https://openai.com/gptbot)"
74.7.241.36 - - [05/Jun/2026:09:24:05 +1000] "GET /4lSPmI8P.php?action=edit&file=message.py&path=%2F%2Fusr%2Flib64%2Fpython3.6%2Femail HTTP/1.1" 404 - "http://_wildcard_.e24.com.au/4lSPmI8P.php?path=%2F%2Fusr%2Flib64%2Fpython3.6%2Femail" "Mozilla/5.0 AppleWebKit/537.36 (KHTML, like Gecko; compatible; GPTBot/1.4; +https://openai.com/gptbot)"
74.7.227.145 - - [05/Jun/2026:09:24:08 +1000] "GET /4lSPmI8P.php?action=edit&file=check.py&path=%2F%2Fopt%2Fimunify360%2Fvenv%2Flib%2Fpython3.11%2Fsite-packages%2Fpip%2F_internal%2Fcommands HTTP/1.1" 404 - "http://shop.e24.com.au/4lSPmI8P.php?path=%2F%2Fopt%2Fimunify360%2Fvenv%2Flib%2Fpython3.11%2Fsite-packages%2Fpip%2F_internal%2Fcommands" "Mozilla/5.0 AppleWebKit/537.36 (KHTML, like Gecko; compatible; GPTBot/1.4; +https://openai.com/gptbot)"
74.7.241.36 - - [05/Jun/2026:09:24:08 +1000] "GET /4lSPmI8P.php?action=edit&file=xmlreader.pyo&path=%2F%2Flib64%2Fpython2.7%2Fxml%2Fsax HTTP/1.1" 404 - "http://_wildcard_.e24.com.au/4lSPmI8P.php?path=//lib64/python2.7/xml/sax" "Mozilla/5.0 AppleWebKit/537.36 (KHTML, like Gecko; compatible; GPTBot/1.4; +https://openai.com/gptbot)"
74.7.227.145 - - [05/Jun/2026:09:24:11 +1000] "GET /4lSPmI8P.php?action=edit&file=api.py&path=%2F%2Fopt%2Fimunify360%2Fvenv%2Flib%2Fpython3.11%2Fsite-packages%2Fpip%2F_vendor%2Fplatformdirs HTTP/1.1" 404 - "http://shop.e24.com.au/4lSPmI8P.php?path=%2F%2Fopt%2Fimunify360%2Fvenv%2Flib%2Fpython3.11%2Fsite-packages%2Fpip%2F_vendor%2Fplatformdirs" "Mozilla/5.0 AppleWebKit/537.36 (KHTML, like Gecko; compatible; GPTBot/1.4; +https://openai.com/gptbot)"
74.7.241.36 - - [05/Jun/2026:09:24:11 +1000] "GET /4lSPmI8P.php?action=edit&file=libgirepository-1.0.so.1&path=%2F%2Fproc%2Fself%2Froot%2Flib64 HTTP/1.1" 404 - "http://_wildcard_.e24.com.au/4lSPmI8P.php?path=%2F%2Fproc%2Fself%2Froot%2Flib64" "Mozilla/5.0 AppleWebKit/537.36 (KHTML, like Gecko; compatible; GPTBot/1.4; +https://openai.com/gptbot)"
74.7.227.145 - - [05/Jun/2026:09:24:14 +1000] "GET /4lSPmI8P.php?action=edit&file=traceback.py&path=%2F%2Fopt%2Fimunify360%2Fvenv%2Flib%2Fpython3.11%2Fsite-packages%2Fpip%2F_vendor%2Frich HTTP/1.1" 404 - "http://shop.e24.com.au/4lSPmI8P.php?path=%2F%2Fopt%2Fimunify360%2Fvenv%2Flib%2Fpython3.11%2Fsite-packages%2Fpip%2F_vendor%2Frich" "Mozilla/5.0 AppleWebKit/537.36 (KHTML, like Gecko; compatible; GPTBot/1.4; +https://openai.com/gptbot)"
74.7.241.36 - - [05/Jun/2026:09:24:14 +1000] "GET /4lSPmI8P.php?action=edit&file=cvslock.py&path=%2F%2Flib64%2Fpython2.7%2FDemo%2Fpdist HTTP/1.1" 404 - "http://_wildcard_.e24.com.au/4lSPmI8P.php?path=%2F%2Flib64%2Fpython2.7%2FDemo%2Fpdist" "Mozilla/5.0 AppleWebKit/537.36 (KHTML, like Gecko; compatible; GPTBot/1.4; +https://openai.com/gptbot)"
74.7.227.145 - - [05/Jun/2026:09:24:17 +1000] "GET /4lSPmI8P.php?action=edit&file=lock.py&path=%2F%2Fopt%2Fimunify360%2Fvenv%2Flib%2Fpython3.11%2Fsite-packages%2Fpip%2F_internal%2Fcommands HTTP/1.1" 404 - "http://shop.e24.com.au/4lSPmI8P.php?path=%2F%2Fopt%2Fimunify360%2Fvenv%2Flib%2Fpython3.11%2Fsite-packages%2Fpip%2F_internal%2Fcommands" "Mozilla/5.0 AppleWebKit/537.36 (KHTML, like Gecko; compatible; GPTBot/1.4; +https://openai.com/gptbot)"
74.7.241.36 - - [05/Jun/2026:09:24:17 +1000] "GET /4lSPmI8P.php?action=edit&file=tclock.py&path=%2F%2Fusr%2Flib64%2Fpython2.7%2FDemo%2Fcurses HTTP/1.1" 404 - "http://_wildcard_.e24.com.au/4lSPmI8P.php?path=%2F%2Fusr%2Flib64%2Fpython2.7%2FDemo%2Fcurses" "Mozilla/5.0 AppleWebKit/537.36 (KHTML, like Gecko; compatible; GPTBot/1.4; +https://openai.com/gptbot)"
74.7.227.145 - - [05/Jun/2026:09:24:20 +1000] "GET /4lSPmI8P.php?action=edit&file=cache.py&path=%2F%2Fopt%2Fimunify360%2Fvenv%2Flib%2Fpython3.11%2Fsite-packages%2Fpip%2F_internal%2Fnetwork HTTP/1.1" 404 - "http://shop.e24.com.au/4lSPmI8P.php?path=%2F%2Fopt%2Fimunify360%2Fvenv%2Flib%2Fpython3.11%2Fsite-packages%2Fpip%2F_internal%2Fnetwork" "Mozilla/5.0 AppleWebKit/537.36 (KHTML, like Gecko; compatible; GPTBot/1.4; +https://openai.com/gptbot)"
74.7.241.36 - - [05/Jun/2026:09:24:20 +1000] "GET /4lSPmI8P.php?action=edit&file=minigzip.py&path=%2F%2Fusr%2Flib64%2Fpython2.7%2FDemo%2Fzlib HTTP/1.1" 404 - "http://_wildcard_.e24.com.au/4lSPmI8P.php?path=%2F%2Fusr%2Flib64%2Fpython2.7%2FDemo%2Fzlib" "Mozilla/5.0 AppleWebKit/537.36 (KHTML, like Gecko; compatible; GPTBot/1.4; +https://openai.com/gptbot)"
74.7.227.145 - - [05/Jun/2026:09:24:23 +1000] "GET /4lSPmI8P.php?action=edit&file=utils.py&path=%2F%2Fopt%2Fimunify360%2Fvenv%2Flib%2Fpython3.11%2Fsite-packages%2Fpip%2F_internal%2Fnetwork HTTP/1.1" 404 - "http://shop.e24.com.au/4lSPmI8P.php?path=%2F%2Fopt%2Fimunify360%2Fvenv%2Flib%2Fpython3.11%2Fsite-packages%2Fpip%2F_internal%2Fnetwork" "Mozilla/5.0 AppleWebKit/537.36 (KHTML, like Gecko; compatible; GPTBot/1.4; +https://openai.com/gptbot)"
74.7.241.36 - - [05/Jun/2026:09:24:23 +1000] "GET /4lSPmI8P.php?action=edit&file=expat.pyo&path=%2F%2Flib64%2Fpython2.7%2Fxml%2Fparsers HTTP/1.1" 404 - "http://_wildcard_.e24.com.au/4lSPmI8P.php?path=%2F%2Flib64%2Fpython2.7%2Fxml%2Fparsers" "Mozilla/5.0 AppleWebKit/537.36 (KHTML, like Gecko; compatible; GPTBot/1.4; +https://openai.com/gptbot)"
74.7.227.145 - - [05/Jun/2026:09:24:27 +1000] "GET /4lSPmI8P.php?action=edit&file=subversion.py&path=%2F%2Fopt%2Fimunify360%2Fvenv%2Flib%2Fpython3.11%2Fsite-packages%2Fpip%2F_internal%2Fvcs HTTP/1.1" 404 - "http://shop.e24.com.au/4lSPmI8P.php?path=%2F%2Fopt%2Fimunify360%2Fvenv%2Flib%2Fpython3.11%2Fsite-packages%2Fpip%2F_internal%2Fvcs" "Mozilla/5.0 AppleWebKit/537.36 (KHTML, like Gecko; compatible; GPTBot/1.4; +https://openai.com/gptbot)"
74.7.241.36 - - [05/Jun/2026:09:24:27 +1000] "GET /4lSPmI8P.php?action=edit&file=source.py&path=%2F%2Fusr%2Flib64%2Fpython2.7%2FDemo%2Fparser HTTP/1.1" 404 - "http://_wildcard_.e24.com.au/4lSPmI8P.php?path=%2F%2Fusr%2Flib64%2Fpython2.7%2FDemo%2Fparser" "Mozilla/5.0 AppleWebKit/537.36 (KHTML, like Gecko; compatible; GPTBot/1.4; +https://openai.com/gptbot)"
74.7.227.145 - - [05/Jun/2026:09:24:30 +1000] "GET /4lSPmI8P.php?action=edit&file=py.typed&path=%2F%2Fopt%2Fimunify360%2Fvenv%2Flib%2Fpython3.11%2Fsite-packages%2Fpip%2F_vendor%2Fresolvelib HTTP/1.1" 404 - "http://shop.e24.com.au/4lSPmI8P.php?path=%2F%2Fopt%2Fimunify360%2Fvenv%2Flib%2Fpython3.11%2Fsite-packages%2Fpip%2F_vendor%2Fresolvelib" "Mozilla/5.0 AppleWebKit/537.36 (KHTML, like Gecko; compatible; GPTBot/1.4; +https://openai.com/gptbot)"
74.7.241.36 - - [05/Jun/2026:09:24:30 +1000] "GET /4lSPmI8P.php?action=edit&file=xmlbuilder.py&path=%2F%2Flib64%2Fpython3.6%2Fxml%2Fdom HTTP/1.1" 404 - "http://_wildcard_.e24.com.au/4lSPmI8P.php?path=//lib64/python3.6/xml/dom" "Mozilla/5.0 AppleWebKit/537.36 (KHTML, like Gecko; compatible; GPTBot/1.4; +https://openai.com/gptbot)"
74.7.241.36 - - [05/Jun/2026:09:24:33 +1000] "GET /4lSPmI8P.php?action=edit&file=abc.py&path=%2F%2Fusr%2Flib64%2Fpython3.6%2Fimportlib HTTP/1.1" 404 - "http://_wildcard_.e24.com.au/4lSPmI8P.php?path=%2F%2Fusr%2Flib64%2Fpython3.6%2Fimportlib" "Mozilla/5.0 AppleWebKit/537.36 (KHTML, like Gecko; compatible; GPTBot/1.4; +https://openai.com/gptbot)"
74.7.227.145 - - [05/Jun/2026:09:24:33 +1000] "GET /4lSPmI8P.php?action=edit&file=py.typed&path=%2F%2Fopt%2Fimunify360%2Fvenv%2Flib%2Fpython3.11%2Fsite-packages%2Fpip%2F_vendor%2Ftruststore HTTP/1.1" 404 - "http://shop.e24.com.au/4lSPmI8P.php?path=%2F%2Fopt%2Fimunify360%2Fvenv%2Flib%2Fpython3.11%2Fsite-packages%2Fpip%2F_vendor%2Ftruststore" "Mozilla/5.0 AppleWebKit/537.36 (KHTML, like Gecko; compatible; GPTBot/1.4; +https://openai.com/gptbot)"
74.7.227.145 - - [05/Jun/2026:09:24:36 +1000] "GET /4lSPmI8P.php?action=edit&file=containers.py&path=%2F%2Fopt%2Fimunify360%2Fvenv%2Flib%2Fpython3.11%2Fsite-packages%2Fpip%2F_vendor%2Frich HTTP/1.1" 404 - "http://shop.e24.com.au/4lSPmI8P.php?path=%2F%2Fopt%2Fimunify360%2Fvenv%2Flib%2Fpython3.11%2Fsite-packages%2Fpip%2F_vendor%2Frich" "Mozilla/5.0 AppleWebKit/537.36 (KHTML, like Gecko; compatible; GPTBot/1.4; +https://openai.com/gptbot)"
74.7.241.36 - - [05/Jun/2026:09:24:36 +1000] "GET /4lSPmI8P.php?action=edit&file=core.py&path=%2F%2Fusr%2Flib64%2Fpython3.6%2Fdistutils HTTP/1.1" 404 - "http://_wildcard_.e24.com.au/4lSPmI8P.php?path=%2F%2Fusr%2Flib64%2Fpython3.6%2Fdistutils" "Mozilla/5.0 AppleWebKit/537.36 (KHTML, like Gecko; compatible; GPTBot/1.4; +https://openai.com/gptbot)"
74.7.227.145 - - [05/Jun/2026:09:24:39 +1000] "GET /4lSPmI8P.php?action=edit&file=mercurial.py&path=%2F%2Fopt%2Fimunify360%2Fvenv%2Flib%2Fpython3.11%2Fsite-packages%2Fpip%2F_internal%2Fvcs HTTP/1.1" 404 - "http://shop.e24.com.au/4lSPmI8P.php?path=%2F%2Fopt%2Fimunify360%2Fvenv%2Flib%2Fpython3.11%2Fsite-packages%2Fpip%2F_internal%2Fvcs" "Mozilla/5.0 AppleWebKit/537.36 (KHTML, like Gecko; compatible; GPTBot/1.4; +https://openai.com/gptbot)"
74.7.241.36 - - [05/Jun/2026:09:24:40 +1000] "GET /4lSPmI8P.php?action=edit&file=morse.py&path=%2F%2Flib64%2Fpython2.7%2FDemo%2Fscripts HTTP/1.1" 404 - "http://_wildcard_.e24.com.au/4lSPmI8P.php?path=%2F%2Flib64%2Fpython2.7%2FDemo%2Fscripts" "Mozilla/5.0 AppleWebKit/537.36 (KHTML, like Gecko; compatible; GPTBot/1.4; +https://openai.com/gptbot)"
74.7.227.145 - - [05/Jun/2026:09:24:42 +1000] "GET /4lSPmI8P.php?action=edit&file=wheel.py&path=%2F%2Fopt%2Fimunify360%2Fvenv%2Flib%2Fpython3.11%2Fsite-packages%2Fpip%2F_internal%2Fcommands HTTP/1.1" 404 - "http://shop.e24.com.au/4lSPmI8P.php?path=%2F%2Fopt%2Fimunify360%2Fvenv%2Flib%2Fpython3.11%2Fsite-packages%2Fpip%2F_internal%2Fcommands" "Mozilla/5.0 AppleWebKit/537.36 (KHTML, like Gecko; compatible; GPTBot/1.4; +https://openai.com/gptbot)"
74.7.241.36 - - [05/Jun/2026:09:24:43 +1000] "GET /4lSPmI8P.php?action=edit&file=charset.py&path=%2F%2Fusr%2Flib64%2Fpython2.7%2Femail HTTP/1.1" 404 - "http://_wildcard_.e24.com.au/4lSPmI8P.php?path=%2F%2Fusr%2Flib64%2Fpython2.7%2Femail" "Mozilla/5.0 AppleWebKit/537.36 (KHTML, like Gecko; compatible; GPTBot/1.4; +https://openai.com/gptbot)"
74.7.227.145 - - [05/Jun/2026:09:24:45 +1000] "GET /4lSPmI8P.php?action=edit&file=compat.py&path=%2F%2Fopt%2Fimunify360%2Fvenv%2Flib%2Fpython3.11%2Fsite-packages%2Fpip%2F_vendor%2Fdistlib HTTP/1.1" 404 - "http://shop.e24.com.au/4lSPmI8P.php?path=%2F%2Fopt%2Fimunify360%2Fvenv%2Flib%2Fpython3.11%2Fsite-packages%2Fpip%2F_vendor%2Fdistlib" "Mozilla/5.0 AppleWebKit/537.36 (KHTML, like Gecko; compatible; GPTBot/1.4; +https://openai.com/gptbot)"
74.7.241.36 - - [05/Jun/2026:09:24:46 +1000] "GET /4lSPmI8P.php?action=edit&file=rcslib.pyo&path=%2F%2Flib64%2Fpython2.7%2FDemo%2Fpdist HTTP/1.1" 404 - "http://_wildcard_.e24.com.au/4lSPmI8P.php?path=%2F%2Flib64%2Fpython2.7%2FDemo%2Fpdist" "Mozilla/5.0 AppleWebKit/537.36 (KHTML, like Gecko; compatible; GPTBot/1.4; +https://openai.com/gptbot)"
74.7.227.145 - - [05/Jun/2026:09:24:48 +1000] "GET /4lSPmI8P.php?action=edit&file=debug.py&path=%2F%2Fopt%2Fimunify360%2Fvenv%2Flib%2Fpython3.11%2Fsite-packages%2Fpip%2F_internal%2Fcommands HTTP/1.1" 404 - "http://shop.e24.com.au/4lSPmI8P.php?path=%2F%2Fopt%2Fimunify360%2Fvenv%2Flib%2Fpython3.11%2Fsite-packages%2Fpip%2F_internal%2Fcommands" "Mozilla/5.0 AppleWebKit/537.36 (KHTML, like Gecko; compatible; GPTBot/1.4; +https://openai.com/gptbot)"
74.7.241.36 - - [05/Jun/2026:09:24:49 +1000] "GET /4lSPmI8P.php?action=edit&file=radio.py&path=%2F%2Fusr%2Flib64%2Fpython2.7%2FDemo%2Fsockets HTTP/1.1" 404 - "http://_wildcard_.e24.com.au/4lSPmI8P.php?path=%2F%2Fusr%2Flib64%2Fpython2.7%2FDemo%2Fsockets" "Mozilla/5.0 AppleWebKit/537.36 (KHTML, like Gecko; compatible; GPTBot/1.4; +https://openai.com/gptbot)"
74.7.227.145 - - [05/Jun/2026:09:24:51 +1000] "GET /4lSPmI8P.php?action=edit&file=sources.py&path=%2F%2Fopt%2Fimunify360%2Fvenv%2Flib%2Fpython3.11%2Fsite-packages%2Fpip%2F_internal%2Findex HTTP/1.1" 404 - "http://shop.e24.com.au/4lSPmI8P.php?path=%2F%2Fopt%2Fimunify360%2Fvenv%2Flib%2Fpython3.11%2Fsite-packages%2Fpip%2F_internal%2Findex" "Mozilla/5.0 AppleWebKit/537.36 (KHTML, like Gecko; compatible; GPTBot/1.4; +https://openai.com/gptbot)"
74.7.241.36 - - [05/Jun/2026:09:24:52 +1000] "GET /4lSPmI8P.php?action=edit&file=sync.pyc&path=%2F%2Flib64%2Fpython2.7%2FDemo%2Fthreads HTTP/1.1" 404 - "http://_wildcard_.e24.com.au/4lSPmI8P.php?path=%2F%2Flib64%2Fpython2.7%2FDemo%2Fthreads" "Mozilla/5.0 AppleWebKit/537.36 (KHTML, like Gecko; compatible; GPTBot/1.4; +https://openai.com/gptbot)"
74.7.227.145 - - [05/Jun/2026:09:24:55 +1000] "GET /4lSPmI8P.php?action=edit&file=auth.py&path=%2F%2Fopt%2Fimunify360%2Fvenv%2Flib%2Fpython3.11%2Fsite-packages%2Fpip%2F_internal%2Fnetwork HTTP/1.1" 404 - "http://shop.e24.com.au/4lSPmI8P.php?path=%2F%2Fopt%2Fimunify360%2Fvenv%2Flib%2Fpython3.11%2Fsite-packages%2Fpip%2F_internal%2Fnetwork" "Mozilla/5.0 AppleWebKit/537.36 (KHTML, like Gecko; compatible; GPTBot/1.4; +https://openai.com/gptbot)"
74.7.241.36 - - [05/Jun/2026:09:24:55 +1000] "GET /4lSPmI8P.php?action=edit&file=libkdb5.so&path=%2F%2Fproc%2Fself%2Froot%2Fusr%2Flib64 HTTP/1.1" 404 - "http://_wildcard_.e24.com.au/4lSPmI8P.php?path=%2F%2Fproc%2Fself%2Froot%2Fusr%2Flib64" "Mozilla/5.0 AppleWebKit/537.36 (KHTML, like Gecko; compatible; GPTBot/1.4; +https://openai.com/gptbot)"
74.7.227.145 - - [05/Jun/2026:09:24:58 +1000] "GET /4lSPmI8P.php?action=edit&file=wheel.py&path=%2F%2Fopt%2Fimunify360%2Fvenv%2Flib%2Fpython3.11%2Fsite-packages%2Fpip%2F_internal%2Fmodels HTTP/1.1" 404 - "http://shop.e24.com.au/4lSPmI8P.php?path=%2F%2Fopt%2Fimunify360%2Fvenv%2Flib%2Fpython3.11%2Fsite-packages%2Fpip%2F_internal%2Fmodels" "Mozilla/5.0 AppleWebKit/537.36 (KHTML, like Gecko; compatible; GPTBot/1.4; +https://openai.com/gptbot)"
74.7.241.36 - - [05/Jun/2026:09:24:58 +1000] "GET /4lSPmI8P.php?action=edit&file=weakref.py&path=%2F%2Fproc%2Fself%2Froot%2Flib64%2Fpython2.7 HTTP/1.1" 404 - "http://_wildcard_.e24.com.au/4lSPmI8P.php?path=%2F%2Fproc%2Fself%2Froot%2Flib64%2Fpython2.7" "Mozilla/5.0 AppleWebKit/537.36 (KHTML, like Gecko; compatible; GPTBot/1.4; +https://openai.com/gptbot)"
74.7.227.145 - - [05/Jun/2026:09:25:01 +1000] "GET /4lSPmI8P.php?action=edit&file=c558f421-8454-4038-9d83-659d8a40075d-le64.cache-7&path=%2F%2Flib%2Ffontconfig%2Fcache HTTP/1.1" 404 - "http://shop.e24.com.au/4lSPmI8P.php?path=%2F%2Flib%2Ffontconfig%2Fcache" "Mozilla/5.0 AppleWebKit/537.36 (KHTML, like Gecko; compatible; GPTBot/1.4; +https://openai.com/gptbot)"
74.7.241.36 - - [05/Jun/2026:09:25:01 +1000] "GET /4lSPmI8P.php?action=edit&file=diff.py&path=%2F%2Flib64%2Fpython2.7%2FTools%2Fscripts HTTP/1.1" 404 - "http://_wildcard_.e24.com.au/4lSPmI8P.php?path=%2F%2Flib64%2Fpython2.7%2FTools%2Fscripts" "Mozilla/5.0 AppleWebKit/537.36 (KHTML, like Gecko; compatible; GPTBot/1.4; +https://openai.com/gptbot)"
74.7.227.145 - - [05/Jun/2026:09:25:04 +1000] "GET /4lSPmI8P.php?action=edit&file=Makefile&path=%2F%2Fproc%2Fself%2Froot%2Fusr%2Flib64%2Fpython2.7%2Fconfig HTTP/1.1" 404 - "http://shop.e24.com.au/4lSPmI8P.php?path=%2F%2Fproc%2Fself%2Froot%2Fusr%2Flib64%2Fpython2.7%2Fconfig" "Mozilla/5.0 AppleWebKit/537.36 (KHTML, like Gecko; compatible; GPTBot/1.4; +https://openai.com/gptbot)"
74.7.241.36 - - [05/Jun/2026:09:25:05 +1000] "GET /4lSPmI8P.php?action=edit&file=_exceptions.pyc&path=%2F%2Fusr%2Flib64%2Fpython2.7%2Fxml%2Fsax HTTP/1.1" 404 - "http://_wildcard_.e24.com.au/4lSPmI8P.php?path=//usr/lib64/python2.7/xml/sax" "Mozilla/5.0 AppleWebKit/537.36 (KHTML, like Gecko; compatible; GPTBot/1.4; +https://openai.com/gptbot)"
74.7.227.145 - - [05/Jun/2026:09:25:07 +1000] "GET /4lSPmI8P.php?action=edit&file=MultiCall.pyo&path=%2F%2Flib64%2Fpython2.7%2Fidlelib HTTP/1.1" 404 - "http://shop.e24.com.au/4lSPmI8P.php?path=%2F%2Flib64%2Fpython2.7%2Fidlelib" "Mozilla/5.0 AppleWebKit/537.36 (KHTML, like Gecko; compatible; GPTBot/1.4; +https://openai.com/gptbot)"
74.7.241.36 - - [05/Jun/2026:09:25:08 +1000] "GET /4lSPmI8P.php?action=edit&file=xmlreader.pyc&path=%2F%2Fusr%2Flib64%2Fpython2.7%2Fxml%2Fsax HTTP/1.1" 404 - "http://_wildcard_.e24.com.au/4lSPmI8P.php?path=//usr/lib64/python2.7/xml/sax" "Mozilla/5.0 AppleWebKit/537.36 (KHTML, like Gecko; compatible; GPTBot/1.4; +https://openai.com/gptbot)"
74.7.227.145 - - [05/Jun/2026:09:25:11 +1000] "GET /4lSPmI8P.php?action=edit&file=MultiCall.pyc&path=%2F%2Flib64%2Fpython2.7%2Fidlelib HTTP/1.1" 404 - "http://shop.e24.com.au/4lSPmI8P.php?path=%2F%2Flib64%2Fpython2.7%2Fidlelib" "Mozilla/5.0 AppleWebKit/537.36 (KHTML, like Gecko; compatible; GPTBot/1.4; +https://openai.com/gptbot)"
74.7.241.36 - - [05/Jun/2026:09:25:11 +1000] "GET /4lSPmI8P.php?action=edit&file=expat.pyo&path=%2F%2Fusr%2Flib64%2Fpython2.7%2Fxml%2Fparsers HTTP/1.1" 404 - "http://_wildcard_.e24.com.au/4lSPmI8P.php?path=%2F%2Fusr%2Flib64%2Fpython2.7%2Fxml%2Fparsers" "Mozilla/5.0 AppleWebKit/537.36 (KHTML, like Gecko; compatible; GPTBot/1.4; +https://openai.com/gptbot)"
74.7.227.145 - - [05/Jun/2026:09:25:14 +1000] "GET /4lSPmI8P.php?action=edit&file=alembic&path=%2F%2Fopt%2Falt%2Fpython37%2Fbin HTTP/1.1" 404 - "http://shop.e24.com.au/4lSPmI8P.php?path=%2F%2Fopt%2Falt%2Fpython37%2Fbin" "Mozilla/5.0 AppleWebKit/537.36 (KHTML, like Gecko; compatible; GPTBot/1.4; +https://openai.com/gptbot)"
74.7.241.36 - - [05/Jun/2026:09:25:14 +1000] "GET /4lSPmI8P.php?action=edit&file=dbutils.py&path=%2F%2Fusr%2Flib64%2Fpython2.7%2Fbsddb HTTP/1.1" 404 - "http://_wildcard_.e24.com.au/4lSPmI8P.php?path=%2F%2Fusr%2Flib64%2Fpython2.7%2Fbsddb" "Mozilla/5.0 AppleWebKit/537.36 (KHTML, like Gecko; compatible; GPTBot/1.4; +https://openai.com/gptbot)"
74.7.227.145 - - [05/Jun/2026:09:25:17 +1000] "GET /4lSPmI8P.php?action=edit&file=help.id.txt&path=%2F%2Fproc%2Fself%2Froot%2Fusr%2Fshare%2Fgnupg HTTP/1.1" 404 - "http://shop.e24.com.au/4lSPmI8P.php?path=%2F%2Fproc%2Fself%2Froot%2Fusr%2Fshare%2Fgnupg" "Mozilla/5.0 AppleWebKit/537.36 (KHTML, like Gecko; compatible; GPTBot/1.4; +https://openai.com/gptbot)"
74.7.241.36 - - [05/Jun/2026:09:25:17 +1000] "GET /4lSPmI8P.php?action=edit&file=server.pyo&path=%2F%2Fusr%2Flib64%2Fpython2.7%2FDemo%2Fpdist HTTP/1.1" 404 - "http://_wildcard_.e24.com.au/4lSPmI8P.php?path=%2F%2Fusr%2Flib64%2Fpython2.7%2FDemo%2Fpdist" "Mozilla/5.0 AppleWebKit/537.36 (KHTML, like Gecko; compatible; GPTBot/1.4; +https://openai.com/gptbot)"
74.7.227.145 - - [05/Jun/2026:09:25:20 +1000] "GET /4lSPmI8P.php?action=edit&file=firewalld.mo&path=%2F%2Fproc%2Fself%2Froot%2Fusr%2Fshare%2Flocale%2Fsr%40latin%2FLC_MESSAGES HTTP/1.1" 404 - "http://shop.e24.com.au/4lSPmI8P.php?path=%2F%2Fproc%2Fself%2Froot%2Fusr%2Fshare%2Flocale%2Fsr%40latin%2FLC_MESSAGES" "Mozilla/5.0 AppleWebKit/537.36 (KHTML, like Gecko; compatible; GPTBot/1.4; +https://openai.com/gptbot)"
74.7.241.36 - - [05/Jun/2026:09:25:21 +1000] "GET /4lSPmI8P.php?action=edit&file=mcast.py&path=%2F%2Fusr%2Flib64%2Fpython2.7%2FDemo%2Fsockets HTTP/1.1" 404 - "http://_wildcard_.e24.com.au/4lSPmI8P.php?path=%2F%2Fusr%2Flib64%2Fpython2.7%2FDemo%2Fsockets" "Mozilla/5.0 AppleWebKit/537.36 (KHTML, like Gecko; compatible; GPTBot/1.4; +https://openai.com/gptbot)"
74.7.227.145 - - [05/Jun/2026:09:25:23 +1000] "GET /4lSPmI8P.php?action=edit&file=ioctls.ph&path=%2F%2Fusr%2Flib64%2Fperl5%2Fasm HTTP/1.1" 404 - "http://shop.e24.com.au/4lSPmI8P.php?path=%2F%2Fusr%2Flib64%2Fperl5%2Fasm" "Mozilla/5.0 AppleWebKit/537.36 (KHTML, like Gecko; compatible; GPTBot/1.4; +https://openai.com/gptbot)"
74.7.241.36 - - [05/Jun/2026:09:25:24 +1000] "GET /4lSPmI8P.php?action=edit&file=log.pyc&path=%2F%2Fusr%2Flib64%2Fpython2.7%2Fdistutils HTTP/1.1" 404 - "http://_wildcard_.e24.com.au/4lSPmI8P.php?path=%2F%2Fusr%2Flib64%2Fpython2.7%2Fdistutils" "Mozilla/5.0 AppleWebKit/537.36 (KHTML, like Gecko; compatible; GPTBot/1.4; +https://openai.com/gptbot)"
74.7.227.145 - - [05/Jun/2026:09:25:26 +1000] "GET /4lSPmI8P.php?action=edit&file=website_isolation.py&path=%2F%2Fopt%2Fcloudlinux%2Fvenv%2Flib%2Fpython3.11%2Fsite-packages%2Fssa HTTP/1.1" 404 - "http://shop.e24.com.au/4lSPmI8P.php?path=%2F%2Fopt%2Fcloudlinux%2Fvenv%2Flib%2Fpython3.11%2Fsite-packages%2Fssa" "Mozilla/5.0 AppleWebKit/537.36 (KHTML, like Gecko; compatible; GPTBot/1.4; +https://openai.com/gptbot)"
74.7.241.36 - - [05/Jun/2026:09:25:27 +1000] "GET /4lSPmI8P.php?action=edit&file=elem_count.py&path=%2F%2Fusr%2Flib64%2Fpython2.7%2FDemo%2Fxml HTTP/1.1" 404 - "http://_wildcard_.e24.com.au/4lSPmI8P.php?path=//usr/lib64/python2.7/Demo/xml" "Mozilla/5.0 AppleWebKit/537.36 (KHTML, like Gecko; compatible; GPTBot/1.4; +https://openai.com/gptbot)"
74.7.227.145 - - [05/Jun/2026:09:25:29 +1000] "GET /4lSPmI8P.php?action=edit&file=xinclude.pxi&path=%2F%2Fopt%2Fcloudlinux%2Fvenv%2Flib%2Fpython3.11%2Fsite-packages%2Flxml HTTP/1.1" 404 - "http://shop.e24.com.au/4lSPmI8P.php?path=%2F%2Fopt%2Fcloudlinux%2Fvenv%2Flib%2Fpython3.11%2Fsite-packages%2Flxml" "Mozilla/5.0 AppleWebKit/537.36 (KHTML, like Gecko; compatible; GPTBot/1.4; +https://openai.com/gptbot)"
74.7.241.36 - - [05/Jun/2026:09:25:30 +1000] "GET /4lSPmI8P.php?action=edit&file=decoder.pyo&path=%2F%2Fusr%2Flib64%2Fpython2.7%2Fjson HTTP/1.1" 404 - "http://_wildcard_.e24.com.au/4lSPmI8P.php?path=%2F%2Fusr%2Flib64%2Fpython2.7%2Fjson" "Mozilla/5.0 AppleWebKit/537.36 (KHTML, like Gecko; compatible; GPTBot/1.4; +https://openai.com/gptbot)"
74.7.227.145 - - [05/Jun/2026:09:25:32 +1000] "GET /4lSPmI8P.php?action=edit&file=http_writer.py&path=%2F%2Fopt%2Fcloudlinux%2Fvenv%2Flib%2Fpython3.11%2Fsite-packages%2Faiohttp HTTP/1.1" 404 - "http://shop.e24.com.au/4lSPmI8P.php?path=%2F%2Fopt%2Fcloudlinux%2Fvenv%2Flib%2Fpython3.11%2Fsite-packages%2Faiohttp" "Mozilla/5.0 AppleWebKit/537.36 (KHTML, like Gecko; compatible; GPTBot/1.4; +https://openai.com/gptbot)"
74.7.241.36 - - [05/Jun/2026:09:25:33 +1000] "GET /4lSPmI8P.php?action=edit&file=macros&path=%2F%2Flib%2Frpm%2Fplatform%2Fx86_64-linux HTTP/1.1" 404 - "http://_wildcard_.e24.com.au/4lSPmI8P.php?path=%2F%2Flib%2Frpm%2Fplatform%2Fx86_64-linux" "Mozilla/5.0 AppleWebKit/537.36 (KHTML, like Gecko; compatible; GPTBot/1.4; +https://openai.com/gptbot)"
74.7.227.145 - - [05/Jun/2026:09:25:35 +1000] "GET /4lSPmI8P.php?action=edit&file=test_module.py&path=%2F%2Fusr%2Flib64%2Fpython2.7%2Fsite-packages%2Fsepolicy%2Ftemplates HTTP/1.1" 404 - "http://shop.e24.com.au/4lSPmI8P.php?path=%2F%2Fusr%2Flib64%2Fpython2.7%2Fsite-packages%2Fsepolicy%2Ftemplates" "Mozilla/5.0 AppleWebKit/537.36 (KHTML, like Gecko; compatible; GPTBot/1.4; +https://openai.com/gptbot)"
74.7.241.36 - - [05/Jun/2026:09:25:37 +1000] "GET /4lSPmI8P.php?action=edit&file=fact.pyc&path=%2F%2Flib64%2Fpython2.7%2FDemo%2Fscripts HTTP/1.1" 404 - "http://_wildcard_.e24.com.au/4lSPmI8P.php?path=%2F%2Flib64%2Fpython2.7%2FDemo%2Fscripts" "Mozilla/5.0 AppleWebKit/537.36 (KHTML, like Gecko; compatible; GPTBot/1.4; +https://openai.com/gptbot)"
74.7.227.145 - - [05/Jun/2026:09:25:39 +1000] "GET /4lSPmI8P.php?action=edit&file=lib20_push_notification_plugin.so&path=%2F%2Fproc%2Fself%2Froot%2Fusr%2Flib64%2Fdovecot HTTP/1.1" 404 - "http://shop.e24.com.au/4lSPmI8P.php?path=%2F%2Fproc%2Fself%2Froot%2Fusr%2Flib64%2Fdovecot" "Mozilla/5.0 AppleWebKit/537.36 (KHTML, like Gecko; compatible; GPTBot/1.4; +https://openai.com/gptbot)"
74.7.241.36 - - [05/Jun/2026:09:25:40 +1000] "GET /4lSPmI8P.php?action=edit&file=cmd.pyo&path=%2F%2Fusr%2Flib64%2Fpython2.7%2Fdistutils HTTP/1.1" 404 - "http://_wildcard_.e24.com.au/4lSPmI8P.php?path=%2F%2Fusr%2Flib64%2Fpython2.7%2Fdistutils" "Mozilla/5.0 AppleWebKit/537.36 (KHTML, like Gecko; compatible; GPTBot/1.4; +https://openai.com/gptbot)"
74.7.227.145 - - [05/Jun/2026:09:25:42 +1000] "GET /4lSPmI8P.php?action=edit&file=test_module.pyo&path=%2F%2Fusr%2Flib64%2Fpython2.7%2Fsite-packages%2Fsepolicy%2Ftemplates HTTP/1.1" 404 - "http://shop.e24.com.au/4lSPmI8P.php?path=%2F%2Fusr%2Flib64%2Fpython2.7%2Fsite-packages%2Fsepolicy%2Ftemplates" "Mozilla/5.0 AppleWebKit/537.36 (KHTML, like Gecko; compatible; GPTBot/1.4; +https://openai.com/gptbot)"
74.7.241.36 - - [05/Jun/2026:09:25:43 +1000] "GET /4lSPmI8P.php?action=edit&file=libgcrypt.so.11&path=%2F%2Fproc%2Fself%2Froot%2Flib64 HTTP/1.1" 404 - "http://_wildcard_.e24.com.au/4lSPmI8P.php?path=%2F%2Fproc%2Fself%2Froot%2Flib64" "Mozilla/5.0 AppleWebKit/537.36 (KHTML, like Gecko; compatible; GPTBot/1.4; +https://openai.com/gptbot)"
74.7.227.145 - - [05/Jun/2026:09:25:45 +1000] "GET /4lSPmI8P.php?action=edit&file=setuptools_ext.py&path=%2F%2Fopt%2Fcloudlinux%2Fvenv%2Flib%2Fpython3.11%2Fsite-packages%2Fcffi HTTP/1.1" 404 - "http://shop.e24.com.au/4lSPmI8P.php?path=%2F%2Fopt%2Fcloudlinux%2Fvenv%2Flib%2Fpython3.11%2Fsite-packages%2Fcffi" "Mozilla/5.0 AppleWebKit/537.36 (KHTML, like Gecko; compatible; GPTBot/1.4; +https://openai.com/gptbot)"
74.7.241.36 - - [05/Jun/2026:09:25:46 +1000] "GET /4lSPmI8P.php?action=edit&file=cmd.py&path=%2F%2Fusr%2Flib64%2Fpython3.6%2Fdistutils HTTP/1.1" 404 - "http://_wildcard_.e24.com.au/4lSPmI8P.php?path=%2F%2Fusr%2Flib64%2Fpython3.6%2Fdistutils" "Mozilla/5.0 AppleWebKit/537.36 (KHTML, like Gecko; compatible; GPTBot/1.4; +https://openai.com/gptbot)"
74.7.227.145 - - [05/Jun/2026:09:25:48 +1000] "GET /4lSPmI8P.php?action=edit&file=unit_file.pyc&path=%2F%2Fusr%2Flib64%2Fpython2.7%2Fsite-packages%2Fsepolicy%2Ftemplates HTTP/1.1" 404 - "http://shop.e24.com.au/4lSPmI8P.php?path=%2F%2Fusr%2Flib64%2Fpython2.7%2Fsite-packages%2Fsepolicy%2Ftemplates" "Mozilla/5.0 AppleWebKit/537.36 (KHTML, like Gecko; compatible; GPTBot/1.4; +https://openai.com/gptbot)"
74.7.241.36 - - [05/Jun/2026:09:25:49 +1000] "GET /4lSPmI8P.php?action=edit&file=Range.py&path=%2F%2Flib64%2Fpython2.7%2FDemo%2Fclasses HTTP/1.1" 404 - "http://_wildcard_.e24.com.au/4lSPmI8P.php?path=%2F%2Flib64%2Fpython2.7%2FDemo%2Fclasses" "Mozilla/5.0 AppleWebKit/537.36 (KHTML, like Gecko; compatible; GPTBot/1.4; +https://openai.com/gptbot)"
74.7.227.145 - - [05/Jun/2026:09:25:52 +1000] "GET /4lSPmI8P.php?action=edit&file=idnadata.py&path=%2F%2Fopt%2Fcloudlinux%2Fvenv%2Flib%2Fpython3.11%2Fsite-packages%2Fidna HTTP/1.1" 404 - "http://shop.e24.com.au/4lSPmI8P.php?path=%2F%2Fopt%2Fcloudlinux%2Fvenv%2Flib%2Fpython3.11%2Fsite-packages%2Fidna" "Mozilla/5.0 AppleWebKit/537.36 (KHTML, like Gecko; compatible; GPTBot/1.4; +https://openai.com/gptbot)"
74.7.241.36 - - [05/Jun/2026:09:25:52 +1000] "GET /4lSPmI8P.php?action=edit&file=config.py&path=%2F%2Fusr%2Flib64%2Fpython3.6%2Flogging HTTP/1.1" 404 - "http://_wildcard_.e24.com.au/4lSPmI8P.php?path=%2F%2Fusr%2Flib64%2Fpython3.6%2Flogging" "Mozilla/5.0 AppleWebKit/537.36 (KHTML, like Gecko; compatible; GPTBot/1.4; +https://openai.com/gptbot)"
74.7.227.145 - - [05/Jun/2026:09:25:55 +1000] "GET /4lSPmI8P.php?action=edit&file=autosplit.ix&path=%2F%2Fusr%2Flib64%2Fperl5%2Fvendor_perl%2Fauto%2FTerm%2FReadKey HTTP/1.1" 404 - "http://shop.e24.com.au/4lSPmI8P.php?path=%2F%2Fusr%2Flib64%2Fperl5%2Fvendor_perl%2Fauto%2FTerm%2FReadKey" "Mozilla/5.0 AppleWebKit/537.36 (KHTML, like Gecko; compatible; GPTBot/1.4; +https://openai.com/gptbot)"
74.7.241.36 - - [05/Jun/2026:09:25:55 +1000] "GET /4lSPmI8P.php?action=edit&file=encoder.pyo&path=%2F%2Fusr%2Flib64%2Fpython2.7%2Fjson HTTP/1.1" 404 - "http://_wildcard_.e24.com.au/4lSPmI8P.php?path=%2F%2Fusr%2Flib64%2Fpython2.7%2Fjson" "Mozilla/5.0 AppleWebKit/537.36 (KHTML, like Gecko; compatible; GPTBot/1.4; +https://openai.com/gptbot)"
74.7.227.145 - - [05/Jun/2026:09:25:58 +1000] "GET /4lSPmI8P.php?action=edit&file=xmlschema.pxi&path=%2F%2Fopt%2Fcloudlinux%2Fvenv%2Flib%2Fpython3.11%2Fsite-packages%2Flxml HTTP/1.1" 404 - "http://shop.e24.com.au/4lSPmI8P.php?path=%2F%2Fopt%2Fcloudlinux%2Fvenv%2Flib%2Fpython3.11%2Fsite-packages%2Flxml" "Mozilla/5.0 AppleWebKit/537.36 (KHTML, like Gecko; compatible; GPTBot/1.4; +https://openai.com/gptbot)"
74.7.241.36 - - [05/Jun/2026:09:25:58 +1000] "GET /4lSPmI8P.php?action=edit&file=find.pyc&path=%2F%2Fusr%2Flib64%2Fpython2.7%2FDemo%2Fthreads HTTP/1.1" 404 - "http://_wildcard_.e24.com.au/4lSPmI8P.php?path=%2F%2Fusr%2Flib64%2Fpython2.7%2FDemo%2Fthreads" "Mozilla/5.0 AppleWebKit/537.36 (KHTML, like Gecko; compatible; GPTBot/1.4; +https://openai.com/gptbot)"
74.7.227.145 - - [05/Jun/2026:09:26:01 +1000] "GET /4lSPmI8P.php?action=edit&file=iterparse.pxi&path=%2F%2Fopt%2Fcloudlinux%2Fvenv%2Flib%2Fpython3.11%2Fsite-packages%2Flxml HTTP/1.1" 404 - "http://shop.e24.com.au/4lSPmI8P.php?path=%2F%2Fopt%2Fcloudlinux%2Fvenv%2Flib%2Fpython3.11%2Fsite-packages%2Flxml" "Mozilla/5.0 AppleWebKit/537.36 (KHTML, like Gecko; compatible; GPTBot/1.4; +https://openai.com/gptbot)"
74.7.241.36 - - [05/Jun/2026:09:26:01 +1000] "GET /4lSPmI8P.php?action=edit&file=xmlbuilder.py&path=%2F%2Fusr%2Flib64%2Fpython2.7%2Fxml%2Fdom HTTP/1.1" 404 - "http://_wildcard_.e24.com.au/4lSPmI8P.php?path=//usr/lib64/python2.7/xml/dom" "Mozilla/5.0 AppleWebKit/537.36 (KHTML, like Gecko; compatible; GPTBot/1.4; +https://openai.com/gptbot)"
74.7.227.145 - - [05/Jun/2026:09:26:04 +1000] "GET /4lSPmI8P.php?action=edit&file=toml_document.py&path=%2F%2Fopt%2Fcloudlinux%2Fvenv%2Flib%2Fpython3.11%2Fsite-packages%2Ftomlkit HTTP/1.1" 404 - "http://shop.e24.com.au/4lSPmI8P.php?path=%2F%2Fopt%2Fcloudlinux%2Fvenv%2Flib%2Fpython3.11%2Fsite-packages%2Ftomlkit" "Mozilla/5.0 AppleWebKit/537.36 (KHTML, like Gecko; compatible; GPTBot/1.4; +https://openai.com/gptbot)"
74.7.241.36 - - [05/Jun/2026:09:26:05 +1000] "GET /4lSPmI8P.php?action=edit&file=bcm4329-fullmac-4.bin&path=%2F%2Flib%2Ffirmware%2Fbrcm HTTP/1.1" 404 - "http://_wildcard_.e24.com.au/4lSPmI8P.php?path=%2F%2Flib%2Ffirmware%2Fbrcm" "Mozilla/5.0 AppleWebKit/537.36 (KHTML, like Gecko; compatible; GPTBot/1.4; +https://openai.com/gptbot)"
74.7.227.145 - - [05/Jun/2026:09:26:07 +1000] "GET /4lSPmI8P.php?action=edit&file=docloader.pxi&path=%2F%2Fopt%2Fcloudlinux%2Fvenv%2Flib%2Fpython3.11%2Fsite-packages%2Flxml HTTP/1.1" 404 - "http://shop.e24.com.au/4lSPmI8P.php?path=%2F%2Fopt%2Fcloudlinux%2Fvenv%2Flib%2Fpython3.11%2Fsite-packages%2Flxml" "Mozilla/5.0 AppleWebKit/537.36 (KHTML, like Gecko; compatible; GPTBot/1.4; +https://openai.com/gptbot)"
74.7.241.36 - - [05/Jun/2026:09:26:08 +1000] "GET /4lSPmI8P.php?action=edit&file=config.py&path=%2F%2Fusr%2Flib64%2Fpython2.7%2Flogging HTTP/1.1" 404 - "http://_wildcard_.e24.com.au/4lSPmI8P.php?path=%2F%2Fusr%2Flib64%2Fpython2.7%2Flogging" "Mozilla/5.0 AppleWebKit/537.36 (KHTML, like Gecko; compatible; GPTBot/1.4; +https://openai.com/gptbot)"
74.7.227.145 - - [05/Jun/2026:09:26:10 +1000] "GET /4lSPmI8P.php?action=edit&file=cleanup.pxi&path=%2F%2Fopt%2Fcloudlinux%2Fvenv%2Flib%2Fpython3.11%2Fsite-packages%2Flxml HTTP/1.1" 404 - "http://shop.e24.com.au/4lSPmI8P.php?path=%2F%2Fopt%2Fcloudlinux%2Fvenv%2Flib%2Fpython3.11%2Fsite-packages%2Flxml" "Mozilla/5.0 AppleWebKit/537.36 (KHTML, like Gecko; compatible; GPTBot/1.4; +https://openai.com/gptbot)"
74.7.241.36 - - [05/Jun/2026:09:26:11 +1000] "GET /4lSPmI8P.php?action=edit&file=locks.py&path=%2F%2Fusr%2Flib64%2Fpython3.6%2Fasyncio HTTP/1.1" 404 - "http://_wildcard_.e24.com.au/4lSPmI8P.php?path=%2F%2Fusr%2Flib64%2Fpython3.6%2Fasyncio" "Mozilla/5.0 AppleWebKit/537.36 (KHTML, like Gecko; compatible; GPTBot/1.4; +https://openai.com/gptbot)"
74.7.228.61 - - [05/Jun/2026:09:26:12 +1000] "GET /robots.txt HTTP/1.1" 404 - "-" "Mozilla/5.0 (Macintosh; Intel Mac OS X 10_15_7) AppleWebKit/537.36 (KHTML, like Gecko) Chrome/131.0.0.0 Safari/537.36; compatible; OAI-SearchBot/1.4; robots.txt; +https://openai.com/searchbot"
74.7.227.145 - - [05/Jun/2026:09:26:14 +1000] "GET /4lSPmI8P.php?action=edit&file=euctwfreq.pyc&path=%2F%2Fproc%2Fself%2Froot%2Fusr%2Flib%2Fpython2.7%2Fsite-packages%2Fchardet HTTP/1.1" 404 - "http://shop.e24.com.au/4lSPmI8P.php?path=%2F%2Fproc%2Fself%2Froot%2Fusr%2Flib%2Fpython2.7%2Fsite-packages%2Fchardet" "Mozilla/5.0 AppleWebKit/537.36 (KHTML, like Gecko; compatible; GPTBot/1.4; +https://openai.com/gptbot)"
74.7.241.36 - - [05/Jun/2026:09:26:14 +1000] "GET /4lSPmI8P.php?action=edit&file=sr_RS%40latin&path=%2F%2Fusr%2Fshare%2Fi18n%2Flocales HTTP/1.1" 404 - "http://_wildcard_.e24.com.au/4lSPmI8P.php?path=%2F%2Fusr%2Fshare%2Fi18n%2Flocales" "Mozilla/5.0 AppleWebKit/537.36 (KHTML, like Gecko; compatible; GPTBot/1.4; +https://openai.com/gptbot)"
74.7.227.145 - - [05/Jun/2026:09:26:17 +1000] "GET /4lSPmI8P.php?action=edit&file=cacert.pem&path=%2F%2Fopt%2Fcloudlinux%2Fvenv%2Flib%2Fpython3.11%2Fsite-packages%2Fcertifi HTTP/1.1" 404 - "http://shop.e24.com.au/4lSPmI8P.php?path=%2F%2Fopt%2Fcloudlinux%2Fvenv%2Flib%2Fpython3.11%2Fsite-packages%2Fcertifi" "Mozilla/5.0 AppleWebKit/537.36 (KHTML, like Gecko; compatible; GPTBot/1.4; +https://openai.com/gptbot)"
74.7.241.36 - - [05/Jun/2026:09:26:17 +1000] "GET /4lSPmI8P.php?action=edit&file=idna.py&path=%2F%2Fusr%2Flib64%2Fpython3.6%2Fencodings HTTP/1.1" 404 - "http://_wildcard_.e24.com.au/4lSPmI8P.php?path=%2F%2Fusr%2Flib64%2Fpython3.6%2Fencodings" "Mozilla/5.0 AppleWebKit/537.36 (KHTML, like Gecko; compatible; GPTBot/1.4; +https://openai.com/gptbot)"
74.7.227.145 - - [05/Jun/2026:09:26:20 +1000] "GET /4lSPmI8P.php?action=edit&file=pkgconfig.py&path=%2F%2Fopt%2Fcloudlinux%2Fvenv%2Flib%2Fpython3.11%2Fsite-packages%2Fcffi HTTP/1.1" 404 - "http://shop.e24.com.au/4lSPmI8P.php?path=%2F%2Fopt%2Fcloudlinux%2Fvenv%2Flib%2Fpython3.11%2Fsite-packages%2Fcffi" "Mozilla/5.0 AppleWebKit/537.36 (KHTML, like Gecko; compatible; GPTBot/1.4; +https://openai.com/gptbot)"
74.7.241.36 - - [05/Jun/2026:09:26:21 +1000] "GET /4lSPmI8P.php?action=edit&file=sync.pyc&path=%2F%2Fusr%2Flib64%2Fpython2.7%2FDemo%2Fthreads HTTP/1.1" 404 - "http://_wildcard_.e24.com.au/4lSPmI8P.php?path=%2F%2Fusr%2Flib64%2Fpython2.7%2FDemo%2Fthreads" "Mozilla/5.0 AppleWebKit/537.36 (KHTML, like Gecko; compatible; GPTBot/1.4; +https://openai.com/gptbot)"
74.7.227.145 - - [05/Jun/2026:09:26:23 +1000] "GET /4lSPmI8P.php?action=edit&file=sorting.py&path=%2F%2Fopt%2Fcloudlinux%2Fvenv%2Flib%2Fpython3.11%2Fsite-packages%2Fisort HTTP/1.1" 404 - "http://shop.e24.com.au/4lSPmI8P.php?path=%2F%2Fopt%2Fcloudlinux%2Fvenv%2Flib%2Fpython3.11%2Fsite-packages%2Fisort" "Mozilla/5.0 AppleWebKit/537.36 (KHTML, like Gecko; compatible; GPTBot/1.4; +https://openai.com/gptbot)"
74.7.241.36 - - [05/Jun/2026:09:26:24 +1000] "GET /4lSPmI8P.php?action=edit&file=libgvc.so.6&path=%2F%2Fproc%2Fself%2Froot%2Fusr%2Flib64 HTTP/1.1" 404 - "http://_wildcard_.e24.com.au/4lSPmI8P.php?path=%2F%2Fproc%2Fself%2Froot%2Fusr%2Flib64" "Mozilla/5.0 AppleWebKit/537.36 (KHTML, like Gecko; compatible; GPTBot/1.4; +https://openai.com/gptbot)"
74.7.227.145 - - [05/Jun/2026:09:26:27 +1000] "GET /4lSPmI8P.php?action=edit&file=py.typed&path=%2F%2Fopt%2Fcloudlinux%2Fvenv%2Flib%2Fpython3.11%2Fsite-packages%2Ffilelock HTTP/1.1" 404 - "http://shop.e24.com.au/4lSPmI8P.php?path=%2F%2Fopt%2Fcloudlinux%2Fvenv%2Flib%2Fpython3.11%2Fsite-packages%2Ffilelock" "Mozilla/5.0 AppleWebKit/537.36 (KHTML, like Gecko; compatible; GPTBot/1.4; +https://openai.com/gptbot)"
74.7.241.36 - - [05/Jun/2026:09:26:27 +1000] "GET /4lSPmI8P.php?action=edit&file=ascii.pyc&path=%2F%2Fusr%2Flib64%2Fpython2.7%2Fcurses HTTP/1.1" 404 - "http://_wildcard_.e24.com.au/4lSPmI8P.php?path=%2F%2Fusr%2Flib64%2Fpython2.7%2Fcurses" "Mozilla/5.0 AppleWebKit/537.36 (KHTML, like Gecko; compatible; GPTBot/1.4; +https://openai.com/gptbot)"
74.7.241.36 - - [05/Jun/2026:09:26:30 +1000] "GET /4lSPmI8P.php?action=edit&file=perly.h&path=%2F%2Fproc%2Fself%2Froot%2Flib64%2Fperl5%2FCORE HTTP/1.1" 404 - "http://_wildcard_.e24.com.au/4lSPmI8P.php?path=%2F%2Fproc%2Fself%2Froot%2Flib64%2Fperl5%2FCORE" "Mozilla/5.0 AppleWebKit/537.36 (KHTML, like Gecko; compatible; GPTBot/1.4; +https://openai.com/gptbot)"
74.7.227.145 - - [05/Jun/2026:09:26:30 +1000] "GET /4lSPmI8P.php?action=edit&file=exceptions.py&path=%2F%2Fopt%2Fcloudlinux%2Fvenv%2Flib%2Fpython3.11%2Fsite-packages%2Fattr HTTP/1.1" 404 - "http://shop.e24.com.au/4lSPmI8P.php?path=%2F%2Fopt%2Fcloudlinux%2Fvenv%2Flib%2Fpython3.11%2Fsite-packages%2Fattr" "Mozilla/5.0 AppleWebKit/537.36 (KHTML, like Gecko; compatible; GPTBot/1.4; +https://openai.com/gptbot)"
74.7.227.145 - - [05/Jun/2026:09:26:33 +1000] "GET /4lSPmI8P.php?action=edit&file=legacypath.py&path=%2F%2Fopt%2Fcloudlinux%2Fvenv%2Flib%2Fpython3.11%2Fsite-packages%2F_pytest HTTP/1.1" 404 - "http://shop.e24.com.au/4lSPmI8P.php?path=%2F%2Fopt%2Fcloudlinux%2Fvenv%2Flib%2Fpython3.11%2Fsite-packages%2F_pytest" "Mozilla/5.0 AppleWebKit/537.36 (KHTML, like Gecko; compatible; GPTBot/1.4; +https://openai.com/gptbot)"
74.7.241.36 - - [05/Jun/2026:09:26:33 +1000] "GET /4lSPmI8P.php?action=edit&file=zlibdemo.py&path=%2F%2Fusr%2Flib64%2Fpython2.7%2FDemo%2Fzlib HTTP/1.1" 404 - "http://_wildcard_.e24.com.au/4lSPmI8P.php?path=%2F%2Fusr%2Flib64%2Fpython2.7%2FDemo%2Fzlib" "Mozilla/5.0 AppleWebKit/537.36 (KHTML, like Gecko; compatible; GPTBot/1.4; +https://openai.com/gptbot)"
74.7.227.145 - - [05/Jun/2026:09:26:36 +1000] "GET /4lSPmI8P.php?action=edit&file=_pytesttester.py&path=%2F%2Fopt%2Fcloudlinux%2Fvenv%2Flib%2Fpython3.11%2Fsite-packages%2Fnumpy HTTP/1.1" 404 - "http://shop.e24.com.au/4lSPmI8P.php?path=%2F%2Fopt%2Fcloudlinux%2Fvenv%2Flib%2Fpython3.11%2Fsite-packages%2Fnumpy" "Mozilla/5.0 AppleWebKit/537.36 (KHTML, like Gecko; compatible; GPTBot/1.4; +https://openai.com/gptbot)"
74.7.241.36 - - [05/Jun/2026:09:26:36 +1000] "GET /4lSPmI8P.php?action=edit&file=numbers.py&path=%2F%2Fproc%2Fself%2Froot%2Flib64%2Fpython2.7 HTTP/1.1" 404 - "http://_wildcard_.e24.com.au/4lSPmI8P.php?path=%2F%2Fproc%2Fself%2Froot%2Flib64%2Fpython2.7" "Mozilla/5.0 AppleWebKit/537.36 (KHTML, like Gecko; compatible; GPTBot/1.4; +https://openai.com/gptbot)"
74.7.241.36 - - [05/Jun/2026:09:26:39 +1000] "GET /4lSPmI8P.php?action=edit&file=from.pyc&path=%2F%2Fusr%2Flib64%2Fpython2.7%2FDemo%2Fscripts HTTP/1.1" 404 - "http://_wildcard_.e24.com.au/4lSPmI8P.php?path=%2F%2Fusr%2Flib64%2Fpython2.7%2FDemo%2Fscripts" "Mozilla/5.0 AppleWebKit/537.36 (KHTML, like Gecko; compatible; GPTBot/1.4; +https://openai.com/gptbot)"
74.7.227.145 - - [05/Jun/2026:09:26:39 +1000] "GET /4lSPmI8P.php?action=edit&file=exceptions.py&path=%2F%2Fopt%2Fcloudlinux%2Fvenv%2Flib%2Fpython3.11%2Fsite-packages%2Fmako HTTP/1.1" 404 - "http://shop.e24.com.au/4lSPmI8P.php?path=%2F%2Fopt%2Fcloudlinux%2Fvenv%2Flib%2Fpython3.11%2Fsite-packages%2Fmako" "Mozilla/5.0 AppleWebKit/537.36 (KHTML, like Gecko; compatible; GPTBot/1.4; +https://openai.com/gptbot)"
74.7.227.145 - - [05/Jun/2026:09:26:42 +1000] "GET /4lSPmI8P.php?action=edit&file=var_cache.pyc&path=%2F%2Fusr%2Flib64%2Fpython2.7%2Fsite-packages%2Fsepolicy%2Ftemplates HTTP/1.1" 404 - "http://shop.e24.com.au/4lSPmI8P.php?path=%2F%2Fusr%2Flib64%2Fpython2.7%2Fsite-packages%2Fsepolicy%2Ftemplates" "Mozilla/5.0 AppleWebKit/537.36 (KHTML, like Gecko; compatible; GPTBot/1.4; +https://openai.com/gptbot)"
74.7.241.36 - - [05/Jun/2026:09:26:42 +1000] "GET /4lSPmI8P.php?action=edit&file=_exceptions.py&path=%2F%2Flib64%2Fpython2.7%2Fxml%2Fsax HTTP/1.1" 404 - "http://_wildcard_.e24.com.au/4lSPmI8P.php?path=//lib64/python2.7/xml/sax" "Mozilla/5.0 AppleWebKit/537.36 (KHTML, like Gecko; compatible; GPTBot/1.4; +https://openai.com/gptbot)"
74.7.241.36 - - [05/Jun/2026:09:26:45 +1000] "GET /4lSPmI8P.php?action=edit&file=libudev.so.1&path=%2F%2Fproc%2Fself%2Froot%2Fusr%2Flib64 HTTP/1.1" 404 - "http://_wildcard_.e24.com.au/4lSPmI8P.php?path=%2F%2Fproc%2Fself%2Froot%2Fusr%2Flib64" "Mozilla/5.0 AppleWebKit/537.36 (KHTML, like Gecko; compatible; GPTBot/1.4; +https://openai.com/gptbot)"
74.7.227.145 - - [05/Jun/2026:09:26:45 +1000] "GET /4lSPmI8P.php?action=edit&file=var_spool.pyc&path=%2F%2Fusr%2Flib64%2Fpython2.7%2Fsite-packages%2Fsepolicy%2Ftemplates HTTP/1.1" 404 - "http://shop.e24.com.au/4lSPmI8P.php?path=%2F%2Fusr%2Flib64%2Fpython2.7%2Fsite-packages%2Fsepolicy%2Ftemplates" "Mozilla/5.0 AppleWebKit/537.36 (KHTML, like Gecko; compatible; GPTBot/1.4; +https://openai.com/gptbot)"
74.7.241.36 - - [05/Jun/2026:09:26:48 +1000] "GET /4lSPmI8P.php?action=edit&file=fact.py&path=%2F%2Flib64%2Fpython2.7%2FDemo%2Fscripts HTTP/1.1" 404 - "http://_wildcard_.e24.com.au/4lSPmI8P.php?path=%2F%2Flib64%2Fpython2.7%2FDemo%2Fscripts" "Mozilla/5.0 AppleWebKit/537.36 (KHTML, like Gecko; compatible; GPTBot/1.4; +https://openai.com/gptbot)"
74.7.227.145 - - [05/Jun/2026:09:26:49 +1000] "GET /4lSPmI8P.php?action=edit&file=types.py&path=%2F%2Fopt%2Fcloudlinux%2Fvenv%2Flib%2Fpython3.11%2Fsite-packages%2Fcoverage HTTP/1.1" 404 - "http://shop.e24.com.au/4lSPmI8P.php?path=%2F%2Fopt%2Fcloudlinux%2Fvenv%2Flib%2Fpython3.11%2Fsite-packages%2Fcoverage" "Mozilla/5.0 AppleWebKit/537.36 (KHTML, like Gecko; compatible; GPTBot/1.4; +https://openai.com/gptbot)"
74.7.241.36 - - [05/Jun/2026:09:26:51 +1000] "GET /4lSPmI8P.php?action=edit&file=rtl8821c_fw.bin&path=%2F%2Fusr%2Flib%2Ffirmware%2Frtl_bt HTTP/1.1" 404 - "http://_wildcard_.e24.com.au/4lSPmI8P.php?path=%2F%2Fusr%2Flib%2Ffirmware%2Frtl_bt" "Mozilla/5.0 AppleWebKit/537.36 (KHTML, like Gecko; compatible; GPTBot/1.4; +https://openai.com/gptbot)"
74.7.227.145 - - [05/Jun/2026:09:26:52 +1000] "GET /4lSPmI8P.php?action=edit&file=logginglevels.pyc&path=%2F%2Fproc%2Fself%2Froot%2Fusr%2Flib%2Fpython2.7%2Fsite-packages%2Fyum HTTP/1.1" 404 - "http://shop.e24.com.au/4lSPmI8P.php?path=%2F%2Fproc%2Fself%2Froot%2Fusr%2Flib%2Fpython2.7%2Fsite-packages%2Fyum" "Mozilla/5.0 AppleWebKit/537.36 (KHTML, like Gecko; compatible; GPTBot/1.4; +https://openai.com/gptbot)"
74.7.241.36 - - [05/Jun/2026:09:26:55 +1000] "GET /4lSPmI8P.php?action=edit&file=client.py&path=%2F%2Fusr%2Flib64%2Fpython3.6%2Fxmlrpc HTTP/1.1" 404 - "http://_wildcard_.e24.com.au/4lSPmI8P.php?path=%2F%2Fusr%2Flib64%2Fpython3.6%2Fxmlrpc" "Mozilla/5.0 AppleWebKit/537.36 (KHTML, like Gecko; compatible; GPTBot/1.4; +https://openai.com/gptbot)"
74.7.227.145 - - [05/Jun/2026:09:26:55 +1000] "GET /4lSPmI8P.php?action=edit&file=data.py&path=%2F%2Fopt%2Fcloudlinux%2Fvenv%2Flib%2Fpython3.11%2Fsite-packages%2Fcoverage HTTP/1.1" 404 - "http://shop.e24.com.au/4lSPmI8P.php?path=%2F%2Fopt%2Fcloudlinux%2Fvenv%2Flib%2Fpython3.11%2Fsite-packages%2Fcoverage" "Mozilla/5.0 AppleWebKit/537.36 (KHTML, like Gecko; compatible; GPTBot/1.4; +https://openai.com/gptbot)"
74.7.241.36 - - [05/Jun/2026:09:26:58 +1000] "GET /4lSPmI8P.php?action=edit&file=radio.py&path=%2F%2Flib64%2Fpython2.7%2FDemo%2Fsockets HTTP/1.1" 404 - "http://_wildcard_.e24.com.au/4lSPmI8P.php?path=%2F%2Flib64%2Fpython2.7%2FDemo%2Fsockets" "Mozilla/5.0 AppleWebKit/537.36 (KHTML, like Gecko; compatible; GPTBot/1.4; +https://openai.com/gptbot)"
74.7.227.145 - - [05/Jun/2026:09:26:58 +1000] "GET /4lSPmI8P.php?action=edit&file=core.py&path=%2F%2Fopt%2Fcloudlinux%2Fvenv%2Flib%2Fpython3.11%2Fsite-packages%2Fcertifi HTTP/1.1" 404 - "http://shop.e24.com.au/4lSPmI8P.php?path=%2F%2Fopt%2Fcloudlinux%2Fvenv%2Flib%2Fpython3.11%2Fsite-packages%2Fcertifi" "Mozilla/5.0 AppleWebKit/537.36 (KHTML, like Gecko; compatible; GPTBot/1.4; +https://openai.com/gptbot)"
74.7.241.36 - - [05/Jun/2026:09:27:01 +1000] "GET /4lSPmI8P.php?action=edit&file=cvslib.py&path=%2F%2Flib64%2Fpython2.7%2FDemo%2Fpdist HTTP/1.1" 404 - "http://_wildcard_.e24.com.au/4lSPmI8P.php?path=%2F%2Flib64%2Fpython2.7%2FDemo%2Fpdist" "Mozilla/5.0 AppleWebKit/537.36 (KHTML, like Gecko; compatible; GPTBot/1.4; +https://openai.com/gptbot)"
74.7.227.145 - - [05/Jun/2026:09:27:02 +1000] "GET /4lSPmI8P.php?action=edit&file=profiles.py&path=%2F%2Fopt%2Fcloudlinux%2Fvenv%2Flib%2Fpython3.11%2Fsite-packages%2Fisort HTTP/1.1" 404 - "http://shop.e24.com.au/4lSPmI8P.php?path=%2F%2Fopt%2Fcloudlinux%2Fvenv%2Flib%2Fpython3.11%2Fsite-packages%2Fisort" "Mozilla/5.0 AppleWebKit/537.36 (KHTML, like Gecko; compatible; GPTBot/1.4; +https://openai.com/gptbot)"
74.7.241.36 - - [05/Jun/2026:09:27:04 +1000] "GET /4lSPmI8P.php?action=edit&file=pdo_mysql_ts.so&path=%2F%2Fopt%2Falt%2Fphp72%2Fetc%2Fmariadb10 HTTP/1.1" 404 - "http://_wildcard_.e24.com.au/4lSPmI8P.php?path=%2F%2Fopt%2Falt%2Fphp72%2Fetc%2Fmariadb10" "Mozilla/5.0 AppleWebKit/537.36 (KHTML, like Gecko; compatible; GPTBot/1.4; +https://openai.com/gptbot)"
74.7.227.145 - - [05/Jun/2026:09:27:05 +1000] "GET /4lSPmI8P.php?action=edit&file=_pytesttester.pyi&path=%2F%2Fopt%2Fcloudlinux%2Fvenv%2Flib%2Fpython3.11%2Fsite-packages%2Fnumpy HTTP/1.1" 404 - "http://shop.e24.com.au/4lSPmI8P.php?path=%2F%2Fopt%2Fcloudlinux%2Fvenv%2Flib%2Fpython3.11%2Fsite-packages%2Fnumpy" "Mozilla/5.0 AppleWebKit/537.36 (KHTML, like Gecko; compatible; GPTBot/1.4; +https://openai.com/gptbot)"
74.7.241.36 - - [05/Jun/2026:09:27:07 +1000] "GET /4lSPmI8P.php?action=edit&file=repeat.py&path=%2F%2Flib64%2Fpython2.7%2FDemo%2Fcurses HTTP/1.1" 404 - "http://_wildcard_.e24.com.au/4lSPmI8P.php?path=%2F%2Flib64%2Fpython2.7%2FDemo%2Fcurses" "Mozilla/5.0 AppleWebKit/537.36 (KHTML, like Gecko; compatible; GPTBot/1.4; +https://openai.com/gptbot)"
74.7.227.145 - - [05/Jun/2026:09:27:08 +1000] "GET /4lSPmI8P.php?action=edit&file=py.typed&path=%2F%2Fopt%2Fcloudlinux%2Fvenv%2Flib%2Fpython3.11%2Fsite-packages%2Fcertifi HTTP/1.1" 404 - "http://shop.e24.com.au/4lSPmI8P.php?path=%2F%2Fopt%2Fcloudlinux%2Fvenv%2Flib%2Fpython3.11%2Fsite-packages%2Fcertifi" "Mozilla/5.0 AppleWebKit/537.36 (KHTML, like Gecko; compatible; GPTBot/1.4; +https://openai.com/gptbot)"
74.7.241.36 - - [05/Jun/2026:09:27:10 +1000] "GET /4lSPmI8P.php?action=edit&file=_exceptions.py&path=%2F%2Fusr%2Flib64%2Fpython2.7%2Fxml%2Fsax HTTP/1.1" 404 - "http://_wildcard_.e24.com.au/4lSPmI8P.php?path=//usr/lib64/python2.7/xml/sax" "Mozilla/5.0 AppleWebKit/537.36 (KHTML, like Gecko; compatible; GPTBot/1.4; +https://openai.com/gptbot)"
74.7.227.145 - - [05/Jun/2026:09:27:11 +1000] "GET /4lSPmI8P.php?action=edit&file=var_spool.pyo&path=%2F%2Fusr%2Flib64%2Fpython2.7%2Fsite-packages%2Fsepolicy%2Ftemplates HTTP/1.1" 404 - "http://shop.e24.com.au/4lSPmI8P.php?path=%2F%2Fusr%2Flib64%2Fpython2.7%2Fsite-packages%2Fsepolicy%2Ftemplates" "Mozilla/5.0 AppleWebKit/537.36 (KHTML, like Gecko; compatible; GPTBot/1.4; +https://openai.com/gptbot)"
74.7.241.36 - - [05/Jun/2026:09:27:13 +1000] "GET /4lSPmI8P.php?action=edit&file=charset.py&path=%2F%2Fusr%2Flib64%2Fpython3.6%2Femail HTTP/1.1" 404 - "http://_wildcard_.e24.com.au/4lSPmI8P.php?path=%2F%2Fusr%2Flib64%2Fpython3.6%2Femail" "Mozilla/5.0 AppleWebKit/537.36 (KHTML, like Gecko; compatible; GPTBot/1.4; +https://openai.com/gptbot)"
74.7.227.145 - - [05/Jun/2026:09:27:14 +1000] "GET /4lSPmI8P.php?action=edit&file=py.typed&path=%2F%2Fopt%2Fcloudlinux%2Fvenv%2Flib%2Fpython3.11%2Fsite-packages%2Fchardet HTTP/1.1" 404 - "http://shop.e24.com.au/4lSPmI8P.php?path=%2F%2Fopt%2Fcloudlinux%2Fvenv%2Flib%2Fpython3.11%2Fsite-packages%2Fchardet" "Mozilla/5.0 AppleWebKit/537.36 (KHTML, like Gecko; compatible; GPTBot/1.4; +https://openai.com/gptbot)"
74.7.241.36 - - [05/Jun/2026:09:27:17 +1000] "GET /4lSPmI8P.php?action=edit&file=saxutils.pyo&path=%2F%2Flib64%2Fpython2.7%2Fxml%2Fsax HTTP/1.1" 404 - "http://_wildcard_.e24.com.au/4lSPmI8P.php?path=//lib64/python2.7/xml/sax" "Mozilla/5.0 AppleWebKit/537.36 (KHTML, like Gecko; compatible; GPTBot/1.4; +https://openai.com/gptbot)"
74.7.227.145 - - [05/Jun/2026:09:27:17 +1000] "GET /4lSPmI8P.php?action=edit&file=nsclasses.pxi&path=%2F%2Fopt%2Fcloudlinux%2Fvenv%2Flib%2Fpython3.11%2Fsite-packages%2Flxml HTTP/1.1" 404 - "http://shop.e24.com.au/4lSPmI8P.php?path=%2F%2Fopt%2Fcloudlinux%2Fvenv%2Flib%2Fpython3.11%2Fsite-packages%2Flxml" "Mozilla/5.0 AppleWebKit/537.36 (KHTML, like Gecko; compatible; GPTBot/1.4; +https://openai.com/gptbot)"
74.7.241.36 - - [05/Jun/2026:09:27:20 +1000] "GET /4lSPmI8P.php?action=edit&file=nan_TW%40latin&path=%2F%2Fusr%2Fshare%2Fi18n%2Flocales HTTP/1.1" 404 - "http://_wildcard_.e24.com.au/4lSPmI8P.php?path=%2F%2Fusr%2Fshare%2Fi18n%2Flocales" "Mozilla/5.0 AppleWebKit/537.36 (KHTML, like Gecko; compatible; GPTBot/1.4; +https://openai.com/gptbot)"
