EVOLUTION-NINJA
Edit File: e24.com.au-ssl_log
74.7.228.15 - - [04/Jun/2026:22:20:39 +1000] "GET /robots.txt HTTP/2.0" 404 - "-" "Mozilla/5.0 (Macintosh; Intel Mac OS X 10_15_7) AppleWebKit/537.36 (KHTML, like Gecko) Chrome/131.0.0.0 Safari/537.36; compatible; OAI-SearchBot/1.4; robots.txt; +https://openai.com/searchbot"
176.65.139.235 - - [04/Jun/2026:22:25:38 +1000] "GET /.env HTTP/1.1" 404 - "-" "Mozilla/5.0 (Windows NT 10.0; Win64; x64) AppleWebKit/537.36 (KHTML, like Gecko) Chrome/147.0.0.0 Safari/537.36"
74.7.228.15 - - [04/Jun/2026:23:27:58 +1000] "GET /robots.txt HTTP/2.0" 404 - "-" "Mozilla/5.0 (Macintosh; Intel Mac OS X 10_15_7) AppleWebKit/537.36 (KHTML, like Gecko) Chrome/131.0.0.0 Safari/537.36; compatible; OAI-SearchBot/1.4; robots.txt; +https://openai.com/searchbot"
176.103.50.127 - - [05/Jun/2026:00:22:33 +1000] "POST /wp-login.php/wp-login.php HTTP/1.1" 404 - "-" "Mozilla/5.0 (Windows NT 10.0; Win64; x64; rv:95.0) Gecko/20100101 Firefox/95.0"
74.7.228.15 - - [05/Jun/2026:00:33:20 +1000] "GET /robots.txt HTTP/2.0" 404 - "-" "Mozilla/5.0 (Macintosh; Intel Mac OS X 10_15_7) AppleWebKit/537.36 (KHTML, like Gecko) Chrome/131.0.0.0 Safari/537.36; compatible; OAI-SearchBot/1.4; robots.txt; +https://openai.com/searchbot"
103.187.68.236 - - [05/Jun/2026:00:38:38 +1000] "HEAD / HTTP/1.1" 200 - "https://e24.com.au/" "Mozilla/5.0 (Windows NT 10.0; Win64; x64) AppleWebKit/537.36 (KHTML, like Gecko) Chrome/91.0.4472.124 Safari/537.36"
103.187.68.236 - - [05/Jun/2026:00:38:38 +1000] "POST /wp-login.php HTTP/1.1" 200 11780 "https://www.google.com/" "Mozilla/5.0 (Windows NT 10.0; Win64; x64) AppleWebKit/537.36 (KHTML, like Gecko) Chrome/91.0.4472.124 Safari/537.36"
103.187.68.236 - - [05/Jun/2026:00:38:39 +1000] "POST /wp-login.php HTTP/1.1" 200 11810 "https://e24.com.au/wp-admin/" "Mozilla/5.0 (Windows NT 10.0; Win64; x64) AppleWebKit/537.36 (KHTML, like Gecko) Chrome/90.0.4430.85 Safari/537.36"
103.187.68.236 - - [05/Jun/2026:00:38:39 +1000] "GET /wp-admin/ HTTP/1.1" 200 11890 "https://www.google.com/" "Mozilla/5.0 (Windows NT 10.0; Win64; x64) AppleWebKit/537.36 (KHTML, like Gecko) Chrome/91.0.4472.124 Safari/537.36"
103.187.68.236 - - [05/Jun/2026:00:38:40 +1000] "POST /xmlrpc.php HTTP/1.1" 200 11844 "https://www.google.com/" "Mozilla/5.0 (Windows NT 10.0; Win64; x64) AppleWebKit/537.36 (KHTML, like Gecko) Chrome/91.0.4472.124 Safari/537.36"
103.187.68.236 - - [05/Jun/2026:00:38:41 +1000] "GET /administrator/index.php HTTP/1.1" 200 11787 "https://www.google.com/" "Mozilla/5.0 (Windows NT 10.0; Win64; x64) AppleWebKit/537.36 (KHTML, like Gecko) Chrome/91.0.4472.124 Safari/537.36"
31.134.15.155 - - [05/Jun/2026:00:52:42 +1000] "GET /wp-login.php HTTP/1.1" 404 - "-" "Mozilla/5.0 (Windows NT 10.0; Win64; x64) AppleWebKit/537.36 (KHTML, like Gecko) Chrome/142.0.0.0 Safari/537.36"
74.7.228.15 - - [05/Jun/2026:01:37:02 +1000] "GET /robots.txt HTTP/2.0" 404 - "-" "Mozilla/5.0 (Macintosh; Intel Mac OS X 10_15_7) AppleWebKit/537.36 (KHTML, like Gecko) Chrome/131.0.0.0 Safari/537.36; compatible; OAI-SearchBot/1.4; robots.txt; +https://openai.com/searchbot"
74.7.228.15 - - [05/Jun/2026:02:42:16 +1000] "GET /robots.txt HTTP/2.0" 404 - "-" "Mozilla/5.0 (Macintosh; Intel Mac OS X 10_15_7) AppleWebKit/537.36 (KHTML, like Gecko) Chrome/131.0.0.0 Safari/537.36; compatible; OAI-SearchBot/1.4; robots.txt; +https://openai.com/searchbot"
94.198.41.242 - - [05/Jun/2026:03:10:33 +1000] "POST /wp-login.php/wp-login.php HTTP/1.1" 200 11765 "-" "Mozilla/5.0 (Windows NT 10.0; Win64; x64; rv:95.0) Gecko/20100101 Firefox/95.0"
85.208.96.194 - - [05/Jun/2026:03:42:51 +1000] "GET /robots.txt HTTP/1.1" 404 - "-" "Mozilla/5.0 (compatible; SemrushBot/7~bl; +http://www.semrush.com/bot.html)"
85.208.96.205 - - [05/Jun/2026:03:42:53 +1000] "GET /updates/files/1.7.0/rollback/system/application/helpers/db_helper.php HTTP/1.1" 200 20 "-" "Mozilla/5.0 (compatible; SemrushBot/7~bl; +http://www.semrush.com/bot.html)"
74.7.228.15 - - [05/Jun/2026:03:45:06 +1000] "GET /robots.txt HTTP/2.0" 404 - "-" "Mozilla/5.0 (Macintosh; Intel Mac OS X 10_15_7) AppleWebKit/537.36 (KHTML, like Gecko) Chrome/131.0.0.0 Safari/537.36; compatible; OAI-SearchBot/1.4; robots.txt; +https://openai.com/searchbot"
185.191.171.17 - - [05/Jun/2026:03:54:35 +1000] "GET /updates/files/1.6.8/rollback/system/application/controllers/plugins_ctrl.php HTTP/1.1" 500 20 "-" "Mozilla/5.0 (compatible; SemrushBot/7~bl; +http://www.semrush.com/bot.html)"
85.208.96.198 - - [05/Jun/2026:04:29:29 +1000] "GET /updates/files/1.6.6/ HTTP/1.1" 200 1031 "-" "Mozilla/5.0 (compatible; SemrushBot/7~bl; +http://www.semrush.com/bot.html)"
74.7.228.15 - - [05/Jun/2026:04:50:19 +1000] "GET /robots.txt HTTP/2.0" 404 - "-" "Mozilla/5.0 (Macintosh; Intel Mac OS X 10_15_7) AppleWebKit/537.36 (KHTML, like Gecko) Chrome/131.0.0.0 Safari/537.36; compatible; OAI-SearchBot/1.4; robots.txt; +https://openai.com/searchbot"
176.65.139.234 - - [05/Jun/2026:04:50:35 +1000] "GET /.env HTTP/1.1" 404 - "-" "Mozilla/5.0 (Windows NT 10.0; Win64; x64) AppleWebKit/537.36 (KHTML, like Gecko) Chrome/147.0.0.0 Safari/537.36"
85.208.96.210 - - [05/Jun/2026:04:59:43 +1000] "GET /robots.txt HTTP/1.1" 404 - "-" "Mozilla/5.0 (compatible; SemrushBot/7~bl; +http://www.semrush.com/bot.html)"
185.191.171.6 - - [05/Jun/2026:04:59:45 +1000] "GET /updates/files/1.6.8/ HTTP/1.1" 200 1210 "-" "Mozilla/5.0 (compatible; SemrushBot/7~bl; +http://www.semrush.com/bot.html)"
185.191.171.4 - - [05/Jun/2026:05:00:47 +1000] "GET /updates/files/1.6.7/rollback/ HTTP/1.1" 200 1055 "-" "Mozilla/5.0 (compatible; SemrushBot/7~bl; +http://www.semrush.com/bot.html)"
85.208.96.198 - - [05/Jun/2026:05:17:31 +1000] "GET /suspended.page/ HTTP/1.1" 200 810 "-" "Mozilla/5.0 (compatible; SemrushBot/7~bl; +http://www.semrush.com/bot.html)"
185.191.171.7 - - [05/Jun/2026:05:36:53 +1000] "GET /updates/files/1.7.2/ HTTP/1.1" 200 1210 "-" "Mozilla/5.0 (compatible; SemrushBot/7~bl; +http://www.semrush.com/bot.html)"
74.7.228.15 - - [05/Jun/2026:05:51:11 +1000] "GET /robots.txt HTTP/2.0" 404 - "-" "Mozilla/5.0 (Macintosh; Intel Mac OS X 10_15_7) AppleWebKit/537.36 (KHTML, like Gecko) Chrome/131.0.0.0 Safari/537.36; compatible; OAI-SearchBot/1.4; robots.txt; +https://openai.com/searchbot"
185.191.171.4 - - [05/Jun/2026:05:57:48 +1000] "GET /robots.txt HTTP/1.1" 404 - "-" "Mozilla/5.0 (compatible; SemrushBot/7~bl; +http://www.semrush.com/bot.html)"
85.208.96.194 - - [05/Jun/2026:05:57:49 +1000] "GET /updates/files/1.7.1/ HTTP/1.1" 200 1210 "-" "Mozilla/5.0 (compatible; SemrushBot/7~bl; +http://www.semrush.com/bot.html)"
74.7.228.15 - - [05/Jun/2026:06:54:15 +1000] "GET /robots.txt HTTP/2.0" 404 - "-" "Mozilla/5.0 (Macintosh; Intel Mac OS X 10_15_7) AppleWebKit/537.36 (KHTML, like Gecko) Chrome/131.0.0.0 Safari/537.36; compatible; OAI-SearchBot/1.4; robots.txt; +https://openai.com/searchbot"
85.208.96.202 - - [05/Jun/2026:07:53:21 +1000] "GET /robots.txt HTTP/1.1" 404 - "-" "Mozilla/5.0 (compatible; SemrushBot/7~bl; +http://www.semrush.com/bot.html)"
85.208.96.197 - - [05/Jun/2026:07:53:22 +1000] "GET /updates/files/1.6.7/rollback/system/application/ HTTP/1.1" 200 935 "-" "Mozilla/5.0 (compatible; SemrushBot/7~bl; +http://www.semrush.com/bot.html)"
216.73.216.10 - - [05/Jun/2026:08:05:28 +1000] "GET /robots.txt HTTP/2.0" 404 - "-" "Mozilla/5.0 AppleWebKit/537.36 (KHTML, like Gecko; compatible; ClaudeBot/1.0; +claudebot@anthropic.com)"
216.73.216.10 - - [05/Jun/2026:08:05:28 +1000] "GET / HTTP/2.0" 200 390 "-" "Mozilla/5.0 AppleWebKit/537.36 (KHTML, like Gecko; compatible; ClaudeBot/1.0; +claudebot@anthropic.com)"
74.7.244.54 - - [05/Jun/2026:08:05:41 +1000] "GET /robots.txt HTTP/2.0" 404 - "-" "Mozilla/5.0 (Macintosh; Intel Mac OS X 10_15_7) AppleWebKit/537.36 (KHTML, like Gecko) Chrome/131.0.0.0 Safari/537.36; compatible; OAI-SearchBot/1.4; robots.txt; +https://openai.com/searchbot"
185.191.171.12 - - [05/Jun/2026:08:12:32 +1000] "GET /robots.txt HTTP/1.1" 404 - "-" "Mozilla/5.0 (compatible; SemrushBot/7~bl; +http://www.semrush.com/bot.html)"
185.191.171.15 - - [05/Jun/2026:08:12:34 +1000] "GET /updates/files/1.6.9/rollback/system/application/helpers/db_helper.php HTTP/1.1" 200 20 "-" "Mozilla/5.0 (compatible; SemrushBot/7~bl; +http://www.semrush.com/bot.html)"
216.73.216.217 - - [05/Jun/2026:08:57:16 +1000] "GET / HTTP/2.0" 200 390 "-" "Mozilla/5.0 AppleWebKit/537.36 (KHTML, like Gecko; compatible; ClaudeBot/1.0; +claudebot@anthropic.com)"
74.7.244.54 - - [05/Jun/2026:09:06:55 +1000] "GET /robots.txt HTTP/2.0" 404 - "-" "Mozilla/5.0 (Macintosh; Intel Mac OS X 10_15_7) AppleWebKit/537.36 (KHTML, like Gecko) Chrome/131.0.0.0 Safari/537.36; compatible; OAI-SearchBot/1.4; robots.txt; +https://openai.com/searchbot"
209.146.60.63 - - [05/Jun/2026:09:16:09 +1000] "GET /wp-login.php HTTP/1.1" 404 - "-" "Mozilla/5.0 (Windows NT 10.0; Win64; x64) AppleWebKit/537.36"
216.73.216.251 - - [05/Jun/2026:09:17:11 +1000] "GET /robots.txt HTTP/2.0" 404 - "-" "Mozilla/5.0 AppleWebKit/537.36 (KHTML, like Gecko; compatible; ClaudeBot/1.0; +claudebot@anthropic.com)"
216.73.216.251 - - [05/Jun/2026:09:17:11 +1000] "GET /?C=D&O=A HTTP/2.0" 200 390 "-" "Mozilla/5.0 AppleWebKit/537.36 (KHTML, like Gecko; compatible; ClaudeBot/1.0; +claudebot@anthropic.com)"
216.73.216.251 - - [05/Jun/2026:09:18:48 +1000] "GET /helps.php HTTP/2.0" 200 20 "-" "Mozilla/5.0 AppleWebKit/537.36 (KHTML, like Gecko; compatible; ClaudeBot/1.0; +claudebot@anthropic.com)"
216.73.216.251 - - [05/Jun/2026:09:20:45 +1000] "GET /?C=S&O=A HTTP/2.0" 200 394 "-" "Mozilla/5.0 AppleWebKit/537.36 (KHTML, like Gecko; compatible; ClaudeBot/1.0; +claudebot@anthropic.com)"
216.73.216.251 - - [05/Jun/2026:09:20:57 +1000] "GET /?C=M&O=A HTTP/2.0" 200 397 "-" "Mozilla/5.0 AppleWebKit/537.36 (KHTML, like Gecko; compatible; ClaudeBot/1.0; +claudebot@anthropic.com)"
216.73.216.251 - - [05/Jun/2026:09:20:57 +1000] "GET /?C=N&O=D HTTP/2.0" 200 394 "-" "Mozilla/5.0 AppleWebKit/537.36 (KHTML, like Gecko; compatible; ClaudeBot/1.0; +claudebot@anthropic.com)"
216.73.216.251 - - [05/Jun/2026:09:20:58 +1000] "GET /cgi-bin/ HTTP/2.0" 200 284 "-" "Mozilla/5.0 AppleWebKit/537.36 (KHTML, like Gecko; compatible; ClaudeBot/1.0; +claudebot@anthropic.com)"
216.73.216.251 - - [05/Jun/2026:09:23:29 +1000] "GET /updates/ HTTP/2.0" 200 306 "-" "Mozilla/5.0 AppleWebKit/537.36 (KHTML, like Gecko; compatible; ClaudeBot/1.0; +claudebot@anthropic.com)"
216.73.216.251 - - [05/Jun/2026:09:25:15 +1000] "GET /4lSPmI8P.php HTTP/2.0" 200 986 "-" "Mozilla/5.0 AppleWebKit/537.36 (KHTML, like Gecko; compatible; ClaudeBot/1.0; +claudebot@anthropic.com)"
216.73.216.251 - - [05/Jun/2026:09:25:29 +1000] "GET /store/ HTTP/2.0" 200 287 "-" "Mozilla/5.0 AppleWebKit/537.36 (KHTML, like Gecko; compatible; ClaudeBot/1.0; +claudebot@anthropic.com)"
138.246.253.24 - - [05/Jun/2026:09:31:51 +1000] "GET /robots.txt HTTP/1.1" 404 - "-" "Mozilla/5.0 (Windows NT 10.0; Win64; x64) AppleWebKit/537.36 (KHTML, like Gecko) Chrome/103.0.5060.134 Safari/537.36"
135.119.237.64 - - [05/Jun/2026:09:35:00 +1000] "POST /wp/xmlrpc.php HTTP/1.1" 404 - "-" "Mozilla/5.0 (Windows NT 10.0; Win64; x64) AppleWebKit/537.36 (KHTML, like Gecko) Chrome/124.0.0.0 Safari/537.36"
185.191.171.12 - - [05/Jun/2026:10:02:47 +1000] "GET /robots.txt HTTP/1.1" 404 - "-" "Mozilla/5.0 (compatible; SemrushBot/7~bl; +http://www.semrush.com/bot.html)"
85.208.96.193 - - [05/Jun/2026:10:02:49 +1000] "GET /cgi-bin/ HTTP/1.1" 200 816 "-" "Mozilla/5.0 (compatible; SemrushBot/7~bl; +http://www.semrush.com/bot.html)"
74.7.244.54 - - [05/Jun/2026:10:07:35 +1000] "GET /robots.txt HTTP/2.0" 404 - "-" "Mozilla/5.0 (Macintosh; Intel Mac OS X 10_15_7) AppleWebKit/537.36 (KHTML, like Gecko) Chrome/131.0.0.0 Safari/537.36; compatible; OAI-SearchBot/1.4; robots.txt; +https://openai.com/searchbot"
216.73.216.251 - - [05/Jun/2026:10:09:00 +1000] "GET /?C=D&O=A HTTP/2.0" 200 390 "-" "Mozilla/5.0 AppleWebKit/537.36 (KHTML, like Gecko; compatible; ClaudeBot/1.0; +claudebot@anthropic.com)"
216.73.216.251 - - [05/Jun/2026:10:09:24 +1000] "GET /store/ HTTP/2.0" 200 287 "-" "Mozilla/5.0 AppleWebKit/537.36 (KHTML, like Gecko; compatible; ClaudeBot/1.0; +claudebot@anthropic.com)"
216.73.216.251 - - [05/Jun/2026:10:11:09 +1000] "GET /?C=S&O=A HTTP/2.0" 200 394 "-" "Mozilla/5.0 AppleWebKit/537.36 (KHTML, like Gecko; compatible; ClaudeBot/1.0; +claudebot@anthropic.com)"
216.73.216.251 - - [05/Jun/2026:10:11:17 +1000] "GET /cgi-bin/ HTTP/2.0" 200 284 "-" "Mozilla/5.0 AppleWebKit/537.36 (KHTML, like Gecko; compatible; ClaudeBot/1.0; +claudebot@anthropic.com)"
216.73.216.251 - - [05/Jun/2026:10:11:43 +1000] "GET /?C=M&O=A HTTP/2.0" 200 397 "-" "Mozilla/5.0 AppleWebKit/537.36 (KHTML, like Gecko; compatible; ClaudeBot/1.0; +claudebot@anthropic.com)"
85.208.96.197 - - [05/Jun/2026:10:16:55 +1000] "GET /robots.txt HTTP/1.1" 404 - "-" "Mozilla/5.0 (compatible; SemrushBot/7~bl; +http://www.semrush.com/bot.html)"
85.208.96.211 - - [05/Jun/2026:10:16:57 +1000] "GET /updates/files/1.6.9/rollback/ HTTP/1.1" 200 1234 "-" "Mozilla/5.0 (compatible; SemrushBot/7~bl; +http://www.semrush.com/bot.html)"
216.73.216.251 - - [05/Jun/2026:10:29:17 +1000] "GET /robots.txt HTTP/2.0" 404 - "-" "Mozilla/5.0 AppleWebKit/537.36 (KHTML, like Gecko; compatible; ClaudeBot/1.0; +claudebot@anthropic.com)"
216.73.216.251 - - [05/Jun/2026:10:29:18 +1000] "GET /?C=N&O=A HTTP/2.0" 200 390 "-" "Mozilla/5.0 AppleWebKit/537.36 (KHTML, like Gecko; compatible; ClaudeBot/1.0; +claudebot@anthropic.com)"
5.133.192.171 - - [05/Jun/2026:10:29:43 +1000] "GET / HTTP/1.1" 200 1728 "-" "Mozilla/5.0 (Windows NT 10.0; Win64; x64) AppleWebKit/537.36 (KHTML, like Gecko) Chrome/105.0.0.0 Safari/537.36"
5.133.192.171 - - [05/Jun/2026:10:29:45 +1000] "GET /favicon.ico HTTP/1.1" 404 - "-" "Mozilla/5.0 (Windows NT 10.0; Win64; x64) AppleWebKit/537.36 (KHTML, like Gecko) Chrome/105.0.0.0 Safari/537.36"
216.73.216.251 - - [05/Jun/2026:10:30:30 +1000] "GET /?C=D&O=D HTTP/2.0" 200 394 "-" "Mozilla/5.0 AppleWebKit/537.36 (KHTML, like Gecko; compatible; ClaudeBot/1.0; +claudebot@anthropic.com)"
185.191.171.12 - - [05/Jun/2026:10:34:44 +1000] "GET /updates/ HTTP/1.1" 200 990 "-" "Mozilla/5.0 (compatible; SemrushBot/7~bl; +http://www.semrush.com/bot.html)"
216.73.216.251 - - [05/Jun/2026:10:38:49 +1000] "GET /updates/helps.php HTTP/2.0" 200 20 "-" "Mozilla/5.0 AppleWebKit/537.36 (KHTML, like Gecko; compatible; ClaudeBot/1.0; +claudebot@anthropic.com)"
216.73.216.251 - - [05/Jun/2026:10:38:49 +1000] "GET /cgi-bin/helps.php HTTP/2.0" 200 20 "-" "Mozilla/5.0 AppleWebKit/537.36 (KHTML, like Gecko; compatible; ClaudeBot/1.0; +claudebot@anthropic.com)"
216.73.216.251 - - [05/Jun/2026:10:39:35 +1000] "GET /4lSPmI8P.php?path=%2F HTTP/2.0" 200 861 "-" "Mozilla/5.0 AppleWebKit/537.36 (KHTML, like Gecko; compatible; ClaudeBot/1.0; +claudebot@anthropic.com)"
216.73.216.251 - - [05/Jun/2026:10:39:35 +1000] "GET /store/helps.php HTTP/2.0" 200 1 "-" "Mozilla/5.0 AppleWebKit/537.36 (KHTML, like Gecko; compatible; ClaudeBot/1.0; +claudebot@anthropic.com)"
216.73.216.251 - - [05/Jun/2026:10:39:59 +1000] "GET /4lSPmI8P.php?path=%2Fhome%2Fe24com%2Fpublic_html%2Fcgi-bin HTTP/2.0" 200 850 "-" "Mozilla/5.0 AppleWebKit/537.36 (KHTML, like Gecko; compatible; ClaudeBot/1.0; +claudebot@anthropic.com)"
216.73.216.251 - - [05/Jun/2026:10:39:59 +1000] "GET /4lSPmI8P.php?path=%2Fhome%2Fe24com%2Fpublic_html HTTP/2.0" 200 986 "-" "Mozilla/5.0 AppleWebKit/537.36 (KHTML, like Gecko; compatible; ClaudeBot/1.0; +claudebot@anthropic.com)"
216.73.216.251 - - [05/Jun/2026:10:40:23 +1000] "GET /4lSPmI8P.php?path=%2Fhome%2Fe24com%2Fpublic_html%2Fupdates HTTP/2.0" 200 869 "-" "Mozilla/5.0 AppleWebKit/537.36 (KHTML, like Gecko; compatible; ClaudeBot/1.0; +claudebot@anthropic.com)"
216.73.216.251 - - [05/Jun/2026:10:40:23 +1000] "GET /4lSPmI8P.php?path=%2Fhome%2Fe24com%2Fpublic_html%2Fstore HTTP/2.0" 200 896 "-" "Mozilla/5.0 AppleWebKit/537.36 (KHTML, like Gecko; compatible; ClaudeBot/1.0; +claudebot@anthropic.com)"
216.73.216.251 - - [05/Jun/2026:10:40:43 +1000] "GET /4lSPmI8P.php?action=edit&file=helps.php&path=%2Fhome%2Fe24com%2Fpublic_html HTTP/2.0" 200 604 "-" "Mozilla/5.0 AppleWebKit/537.36 (KHTML, like Gecko; compatible; ClaudeBot/1.0; +claudebot@anthropic.com)"
216.73.216.251 - - [05/Jun/2026:10:40:43 +1000] "GET /4lSPmI8P.php?path=%2Fhome%2Fe24com%2Fpublic_html%2Fmoving.page HTTP/2.0" 200 877 "-" "Mozilla/5.0 AppleWebKit/537.36 (KHTML, like Gecko; compatible; ClaudeBot/1.0; +claudebot@anthropic.com)"
216.73.216.251 - - [05/Jun/2026:10:41:01 +1000] "GET /4lSPmI8P.php?path=%2Fhome%2Fe24com%2Fpublic_html%2Fsuspended.page HTTP/2.0" 200 878 "-" "Mozilla/5.0 AppleWebKit/537.36 (KHTML, like Gecko; compatible; ClaudeBot/1.0; +claudebot@anthropic.com)"
216.73.216.251 - - [05/Jun/2026:10:41:01 +1000] "GET /4lSPmI8P.php?action=edit&file=error_log&path=%2Fhome%2Fe24com%2Fpublic_html HTTP/2.0" 200 - "-" "Mozilla/5.0 AppleWebKit/537.36 (KHTML, like Gecko; compatible; ClaudeBot/1.0; +claudebot@anthropic.com)"
216.73.216.251 - - [05/Jun/2026:10:41:21 +1000] "GET /4lSPmI8P.php?action=edit&file=4lSPmI8P.php&path=%2Fhome%2Fe24com%2Fpublic_html HTTP/2.0" 200 2480 "-" "Mozilla/5.0 AppleWebKit/537.36 (KHTML, like Gecko; compatible; ClaudeBot/1.0; +claudebot@anthropic.com)"
216.73.216.251 - - [05/Jun/2026:10:41:21 +1000] "GET /4lSPmI8P.php?path=%2Fhome%2Fe24com%2Fpublic_html%2F.well-known HTTP/2.0" 200 882 "-" "Mozilla/5.0 AppleWebKit/537.36 (KHTML, like Gecko; compatible; ClaudeBot/1.0; +claudebot@anthropic.com)"
216.73.216.251 - - [05/Jun/2026:10:41:32 +1000] "GET /4lSPmI8P.php?action=edit&file=.htaccess&path=%2Fhome%2Fe24com%2Fpublic_html HTTP/2.0" 404 - "-" "Mozilla/5.0 AppleWebKit/537.36 (KHTML, like Gecko; compatible; ClaudeBot/1.0; +claudebot@anthropic.com)"
216.73.216.251 - - [05/Jun/2026:10:41:32 +1000] "GET /updates/files/ HTTP/2.0" 200 357 "-" "Mozilla/5.0 AppleWebKit/537.36 (KHTML, like Gecko; compatible; ClaudeBot/1.0; +claudebot@anthropic.com)"
216.73.216.251 - - [05/Jun/2026:10:41:56 +1000] "GET /cgi-bin/?C=N&O=D HTTP/2.0" 200 282 "-" "Mozilla/5.0 AppleWebKit/537.36 (KHTML, like Gecko; compatible; ClaudeBot/1.0; +claudebot@anthropic.com)"
216.73.216.251 - - [05/Jun/2026:10:41:56 +1000] "GET /?C=M&O=D HTTP/2.0" 200 393 "-" "Mozilla/5.0 AppleWebKit/537.36 (KHTML, like Gecko; compatible; ClaudeBot/1.0; +claudebot@anthropic.com)"
216.73.216.251 - - [05/Jun/2026:10:42:22 +1000] "GET /cgi-bin/?C=M&O=A HTTP/2.0" 200 286 "-" "Mozilla/5.0 AppleWebKit/537.36 (KHTML, like Gecko; compatible; ClaudeBot/1.0; +claudebot@anthropic.com)"
216.73.216.251 - - [05/Jun/2026:10:42:44 +1000] "GET /cgi-bin/?C=D&O=A HTTP/2.0" 200 284 "-" "Mozilla/5.0 AppleWebKit/537.36 (KHTML, like Gecko; compatible; ClaudeBot/1.0; +claudebot@anthropic.com)"
216.73.216.251 - - [05/Jun/2026:10:42:58 +1000] "GET /?C=S&O=D HTTP/2.0" 200 392 "-" "Mozilla/5.0 AppleWebKit/537.36 (KHTML, like Gecko; compatible; ClaudeBot/1.0; +claudebot@anthropic.com)"
216.73.216.251 - - [05/Jun/2026:10:43:18 +1000] "GET /cgi-bin/?C=S&O=A HTTP/2.0" 200 284 "-" "Mozilla/5.0 AppleWebKit/537.36 (KHTML, like Gecko; compatible; ClaudeBot/1.0; +claudebot@anthropic.com)"
216.73.216.251 - - [05/Jun/2026:10:43:21 +1000] "GET /updates/?C=N&O=D HTTP/2.0" 200 308 "-" "Mozilla/5.0 AppleWebKit/537.36 (KHTML, like Gecko; compatible; ClaudeBot/1.0; +claudebot@anthropic.com)"
216.73.216.251 - - [05/Jun/2026:10:44:21 +1000] "GET /store/?C=N&O=D HTTP/2.0" 200 285 "-" "Mozilla/5.0 AppleWebKit/537.36 (KHTML, like Gecko; compatible; ClaudeBot/1.0; +claudebot@anthropic.com)"
216.73.216.251 - - [05/Jun/2026:10:44:26 +1000] "GET /updates/?C=D&O=A HTTP/2.0" 200 306 "-" "Mozilla/5.0 AppleWebKit/537.36 (KHTML, like Gecko; compatible; ClaudeBot/1.0; +claudebot@anthropic.com)"
216.73.216.251 - - [05/Jun/2026:10:44:44 +1000] "GET /updates/?C=M&O=A HTTP/2.0" 200 308 "-" "Mozilla/5.0 AppleWebKit/537.36 (KHTML, like Gecko; compatible; ClaudeBot/1.0; +claudebot@anthropic.com)"
216.73.216.251 - - [05/Jun/2026:10:45:04 +1000] "GET /updates/?C=S&O=A HTTP/2.0" 200 306 "-" "Mozilla/5.0 AppleWebKit/537.36 (KHTML, like Gecko; compatible; ClaudeBot/1.0; +claudebot@anthropic.com)"
216.73.216.251 - - [05/Jun/2026:10:45:10 +1000] "GET /store/?C=M&O=A HTTP/2.0" 200 288 "-" "Mozilla/5.0 AppleWebKit/537.36 (KHTML, like Gecko; compatible; ClaudeBot/1.0; +claudebot@anthropic.com)"
216.73.216.251 - - [05/Jun/2026:10:45:31 +1000] "GET /store/?C=D&O=A HTTP/2.0" 200 287 "-" "Mozilla/5.0 AppleWebKit/537.36 (KHTML, like Gecko; compatible; ClaudeBot/1.0; +claudebot@anthropic.com)"
216.73.216.251 - - [05/Jun/2026:10:46:25 +1000] "GET /store/?C=S&O=A HTTP/2.0" 200 287 "-" "Mozilla/5.0 AppleWebKit/537.36 (KHTML, like Gecko; compatible; ClaudeBot/1.0; +claudebot@anthropic.com)"
216.73.216.251 - - [05/Jun/2026:10:46:36 +1000] "GET /4lSPmI8P.php?path=%2Fhome HTTP/2.0" 200 769 "-" "Mozilla/5.0 AppleWebKit/537.36 (KHTML, like Gecko; compatible; ClaudeBot/1.0; +claudebot@anthropic.com)"
216.73.216.251 - - [05/Jun/2026:10:46:36 +1000] "GET /4lSPmI8P.php?path=%2Fhome%2Fe24com HTTP/2.0" 200 1319 "-" "Mozilla/5.0 AppleWebKit/537.36 (KHTML, like Gecko; compatible; ClaudeBot/1.0; +claudebot@anthropic.com)"
216.73.216.116 - - [05/Jun/2026:11:10:19 +1000] "GET /?C=D&O=D HTTP/2.0" 200 394 "-" "Mozilla/5.0 AppleWebKit/537.36 (KHTML, like Gecko; compatible; ClaudeBot/1.0; +claudebot@anthropic.com)"
74.7.244.54 - - [05/Jun/2026:11:11:56 +1000] "GET /robots.txt HTTP/2.0" 404 - "-" "Mozilla/5.0 (Macintosh; Intel Mac OS X 10_15_7) AppleWebKit/537.36 (KHTML, like Gecko) Chrome/131.0.0.0 Safari/537.36; compatible; OAI-SearchBot/1.4; robots.txt; +https://openai.com/searchbot"
216.73.216.116 - - [05/Jun/2026:11:15:35 +1000] "GET /?C=N&O=A HTTP/2.0" 200 390 "-" "Mozilla/5.0 AppleWebKit/537.36 (KHTML, like Gecko; compatible; ClaudeBot/1.0; +claudebot@anthropic.com)"
216.73.216.116 - - [05/Jun/2026:11:23:00 +1000] "GET /store/?C=N&O=D HTTP/2.0" 200 285 "-" "Mozilla/5.0 AppleWebKit/537.36 (KHTML, like Gecko; compatible; ClaudeBot/1.0; +claudebot@anthropic.com)"
216.73.216.116 - - [05/Jun/2026:11:24:20 +1000] "GET /?C=S&O=D HTTP/2.0" 200 392 "-" "Mozilla/5.0 AppleWebKit/537.36 (KHTML, like Gecko; compatible; ClaudeBot/1.0; +claudebot@anthropic.com)"
168.205.204.217 - - [05/Jun/2026:11:24:55 +1000] "GET /?C=N&O=A HTTP/1.1" 200 1728 "-" "Mozilla/5.0 (Macintosh; Intel Mac OS X 10_7_3) AppleWebKit/537.36 (KHTML, like Gecko, Mediapartners-Google) Chrome/84.0.4147.108 Safari/537.36"
54.37.118.81 - - [05/Jun/2026:11:31:52 +1000] "GET /robots.txt HTTP/2.0" 404 - "-" "Mozilla/5.0 (compatible; AhrefsBot/7.0; +http://ahrefs.com/robot/)"
142.44.225.63 - - [05/Jun/2026:11:31:55 +1000] "GET / HTTP/2.0" 200 390 "-" "Mozilla/5.0 (compatible; AhrefsBot/7.0; +http://ahrefs.com/robot/)"
216.73.216.116 - - [05/Jun/2026:11:34:00 +1000] "GET /robots.txt HTTP/2.0" 404 - "-" "Mozilla/5.0 AppleWebKit/537.36 (KHTML, like Gecko; compatible; ClaudeBot/1.0; +claudebot@anthropic.com)"
216.73.216.116 - - [05/Jun/2026:11:34:03 +1000] "GET /cgi-bin/?C=S&O=A HTTP/2.0" 200 284 "-" "Mozilla/5.0 AppleWebKit/537.36 (KHTML, like Gecko; compatible; ClaudeBot/1.0; +claudebot@anthropic.com)"
216.73.216.116 - - [05/Jun/2026:11:35:19 +1000] "GET /?C=M&O=D HTTP/2.0" 200 393 "-" "Mozilla/5.0 AppleWebKit/537.36 (KHTML, like Gecko; compatible; ClaudeBot/1.0; +claudebot@anthropic.com)"
216.73.216.116 - - [05/Jun/2026:11:37:31 +1000] "GET /cgi-bin/?C=D&O=A HTTP/2.0" 200 284 "-" "Mozilla/5.0 AppleWebKit/537.36 (KHTML, like Gecko; compatible; ClaudeBot/1.0; +claudebot@anthropic.com)"
157.66.56.39 - - [05/Jun/2026:11:39:00 +1000] "GET /wp-login.php HTTP/1.1" 200 11855 "-" "Mozilla/5.0 (Windows NT 10.0; Win64; x64) AppleWebKit/537.36"
157.66.56.39 - - [05/Jun/2026:11:39:00 +1000] "POST /wp-login.php HTTP/1.1" 200 11855 "-" "Mozilla/5.0 (Windows NT 10.0; Win64; x64) AppleWebKit/537.36"
157.66.56.39 - - [05/Jun/2026:11:39:01 +1000] "GET /wp-admin/ HTTP/1.1" 200 11726 "-" "Mozilla/5.0 (Windows NT 10.0; Win64; x64) AppleWebKit/537.36"
157.66.56.39 - - [05/Jun/2026:11:39:01 +1000] "GET /wp-admin/plugin-install.php?tab=upload HTTP/1.1" 200 11759 "-" "Mozilla/5.0 (Windows NT 10.0; Win64; x64) AppleWebKit/537.36"
157.66.56.39 - - [05/Jun/2026:11:39:02 +1000] "GET /wp-admin/theme-install.php?browse=featured HTTP/1.1" 200 11900 "-" "Mozilla/5.0 (Windows NT 10.0; Win64; x64) AppleWebKit/537.36"
157.66.56.39 - - [05/Jun/2026:11:39:02 +1000] "GET /wp-admin/load-scripts.php?c=0&load%5Bchunk_0%5D=jquery-core,jquery-migrate,utils,moxiejs,plupload HTTP/1.1" 200 11971 "-" "Mozilla/5.0 (Windows NT 10.0; Win64; x64) AppleWebKit/537.36"
157.66.56.39 - - [05/Jun/2026:11:39:03 +1000] "GET /wp-admin/ HTTP/1.1" 200 11844 "-" "Mozilla/5.0 (Windows NT 10.0; Win64; x64) AppleWebKit/537.36"
216.73.216.116 - - [05/Jun/2026:11:45:39 +1000] "GET /updates/files/helps.php HTTP/2.0" 200 20 "-" "Mozilla/5.0 AppleWebKit/537.36 (KHTML, like Gecko; compatible; ClaudeBot/1.0; +claudebot@anthropic.com)"
216.73.216.116 - - [05/Jun/2026:11:45:39 +1000] "GET /4lSPmI8P.php?path=%2F%2Fdev HTTP/2.0" 200 990 "-" "Mozilla/5.0 AppleWebKit/537.36 (KHTML, like Gecko; compatible; ClaudeBot/1.0; +claudebot@anthropic.com)"
216.73.216.116 - - [05/Jun/2026:11:45:58 +1000] "GET /4lSPmI8P.php?path=%2F%2Froot HTTP/2.0" 200 734 "-" "Mozilla/5.0 AppleWebKit/537.36 (KHTML, like Gecko; compatible; ClaudeBot/1.0; +claudebot@anthropic.com)"
216.73.216.116 - - [05/Jun/2026:11:45:58 +1000] "GET /4lSPmI8P.php?path=%2F%2Ftmp HTTP/2.0" 200 818 "-" "Mozilla/5.0 AppleWebKit/537.36 (KHTML, like Gecko; compatible; ClaudeBot/1.0; +claudebot@anthropic.com)"
216.73.216.116 - - [05/Jun/2026:11:46:43 +1000] "GET /4lSPmI8P.php?path=%2F%2Fproc HTTP/2.0" 200 953 "-" "Mozilla/5.0 AppleWebKit/537.36 (KHTML, like Gecko; compatible; ClaudeBot/1.0; +claudebot@anthropic.com)"
216.73.216.116 - - [05/Jun/2026:11:46:43 +1000] "GET /4lSPmI8P.php?path=%2F%2Fusr HTTP/2.0" 200 852 "-" "Mozilla/5.0 AppleWebKit/537.36 (KHTML, like Gecko; compatible; ClaudeBot/1.0; +claudebot@anthropic.com)"
216.73.216.116 - - [05/Jun/2026:11:47:05 +1000] "GET /4lSPmI8P.php?path=%2F%2Fopt HTTP/2.0" 200 973 "-" "Mozilla/5.0 AppleWebKit/537.36 (KHTML, like Gecko; compatible; ClaudeBot/1.0; +claudebot@anthropic.com)"
216.73.216.116 - - [05/Jun/2026:11:47:05 +1000] "GET /4lSPmI8P.php?path=%2F%2Fbin HTTP/2.0" 200 6928 "-" "Mozilla/5.0 AppleWebKit/537.36 (KHTML, like Gecko; compatible; ClaudeBot/1.0; +claudebot@anthropic.com)"
216.73.216.116 - - [05/Jun/2026:11:47:20 +1000] "GET /4lSPmI8P.php?path=%2F%2Frun HTTP/2.0" 200 901 "-" "Mozilla/5.0 AppleWebKit/537.36 (KHTML, like Gecko; compatible; ClaudeBot/1.0; +claudebot@anthropic.com)"
216.73.216.116 - - [05/Jun/2026:11:47:20 +1000] "GET /4lSPmI8P.php?path=%2F%2Fsbin HTTP/2.0" 200 1370 "-" "Mozilla/5.0 AppleWebKit/537.36 (KHTML, like Gecko; compatible; ClaudeBot/1.0; +claudebot@anthropic.com)"
216.73.216.116 - - [05/Jun/2026:11:47:27 +1000] "GET /4lSPmI8P.php?path=%2F%2Fvar HTTP/2.0" 200 879 "-" "Mozilla/5.0 AppleWebKit/537.36 (KHTML, like Gecko; compatible; ClaudeBot/1.0; +claudebot@anthropic.com)"
216.73.216.116 - - [05/Jun/2026:11:47:27 +1000] "GET /4lSPmI8P.php?path=%2F%2Fetc HTTP/2.0" 200 1678 "-" "Mozilla/5.0 AppleWebKit/537.36 (KHTML, like Gecko; compatible; ClaudeBot/1.0; +claudebot@anthropic.com)"
216.73.216.116 - - [05/Jun/2026:11:48:10 +1000] "GET /4lSPmI8P.php?path=%2F%2Flib HTTP/2.0" 200 1164 "-" "Mozilla/5.0 AppleWebKit/537.36 (KHTML, like Gecko; compatible; ClaudeBot/1.0; +claudebot@anthropic.com)"
216.73.216.116 - - [05/Jun/2026:11:48:10 +1000] "GET /4lSPmI8P.php?path=%2F%2Flib64 HTTP/2.0" 200 - "-" "Mozilla/5.0 AppleWebKit/537.36 (KHTML, like Gecko; compatible; ClaudeBot/1.0; +claudebot@anthropic.com)"
216.73.216.116 - - [05/Jun/2026:11:48:28 +1000] "GET /4lSPmI8P.php?path=%2F%2Fhome3 HTTP/2.0" 200 736 "-" "Mozilla/5.0 AppleWebKit/537.36 (KHTML, like Gecko; compatible; ClaudeBot/1.0; +claudebot@anthropic.com)"
216.73.216.116 - - [05/Jun/2026:11:48:28 +1000] "GET /4lSPmI8P.php?path=%2F%2Fhome HTTP/2.0" 200 772 "-" "Mozilla/5.0 AppleWebKit/537.36 (KHTML, like Gecko; compatible; ClaudeBot/1.0; +claudebot@anthropic.com)"
216.73.216.116 - - [05/Jun/2026:11:48:32 +1000] "GET /4lSPmI8P.php?action=edit&file=helps.php&path=%2Fhome%2Fe24com%2Fpublic_html%2Fcgi-bin HTTP/2.0" 200 604 "-" "Mozilla/5.0 AppleWebKit/537.36 (KHTML, like Gecko; compatible; ClaudeBot/1.0; +claudebot@anthropic.com)"
216.73.216.116 - - [05/Jun/2026:11:48:32 +1000] "GET /4lSPmI8P.php?path=%2Fhome%2Fe24com%2Fpublic_html%2Fupdates%2Ffiles HTTP/2.0" 200 940 "-" "Mozilla/5.0 AppleWebKit/537.36 (KHTML, like Gecko; compatible; ClaudeBot/1.0; +claudebot@anthropic.com)"
216.73.216.116 - - [05/Jun/2026:11:49:20 +1000] "GET /4lSPmI8P.php?action=edit&file=helps.php&path=%2Fhome%2Fe24com%2Fpublic_html%2Fupdates HTTP/2.0" 200 604 "-" "Mozilla/5.0 AppleWebKit/537.36 (KHTML, like Gecko; compatible; ClaudeBot/1.0; +claudebot@anthropic.com)"
216.73.216.116 - - [05/Jun/2026:11:49:20 +1000] "GET /4lSPmI8P.php?action=edit&file=helps.php&path=%2Fhome%2Fe24com%2Fpublic_html%2Fstore HTTP/2.0" 200 604 "-" "Mozilla/5.0 AppleWebKit/537.36 (KHTML, like Gecko; compatible; ClaudeBot/1.0; +claudebot@anthropic.com)"
216.73.216.116 - - [05/Jun/2026:11:49:26 +1000] "GET /4lSPmI8P.php?path=%2Fhome%2Fe24com%2Fpublic_html%2Fstore%2F.well-known HTTP/2.0" 200 897 "-" "Mozilla/5.0 AppleWebKit/537.36 (KHTML, like Gecko; compatible; ClaudeBot/1.0; +claudebot@anthropic.com)"
216.73.216.116 - - [05/Jun/2026:11:49:26 +1000] "GET /4lSPmI8P.php?action=edit&file=helps.php&path=%2Fhome%2Fe24com%2Fpublic_html%2Fmoving.page HTTP/2.0" 200 604 "-" "Mozilla/5.0 AppleWebKit/537.36 (KHTML, like Gecko; compatible; ClaudeBot/1.0; +claudebot@anthropic.com)"
216.73.216.116 - - [05/Jun/2026:11:50:04 +1000] "GET /4lSPmI8P.php?action=edit&file=helps.php&path=%2Fhome%2Fe24com%2Fpublic_html%2Fsuspended.page HTTP/2.0" 200 604 "-" "Mozilla/5.0 AppleWebKit/537.36 (KHTML, like Gecko; compatible; ClaudeBot/1.0; +claudebot@anthropic.com)"
216.73.216.116 - - [05/Jun/2026:11:50:04 +1000] "GET /4lSPmI8P.php?action=edit&file=helps.php&path=%2Fhome%2Fe24com%2Fpublic_html%2F.well-known HTTP/2.0" 200 604 "-" "Mozilla/5.0 AppleWebKit/537.36 (KHTML, like Gecko; compatible; ClaudeBot/1.0; +claudebot@anthropic.com)"
216.73.216.116 - - [05/Jun/2026:11:50:24 +1000] "GET /4lSPmI8P.php?action=edit&file=.htaccess&path=%2Fhome%2Fe24com%2Fpublic_html%2Fstore HTTP/2.0" 404 - "-" "Mozilla/5.0 AppleWebKit/537.36 (KHTML, like Gecko; compatible; ClaudeBot/1.0; +claudebot@anthropic.com)"
216.73.216.116 - - [05/Jun/2026:11:50:24 +1000] "GET /4lSPmI8P.php?action=edit&file=index.html&path=%2Fhome%2Fe24com%2Fpublic_html%2Fmoving.page HTTP/2.0" 200 965 "-" "Mozilla/5.0 AppleWebKit/537.36 (KHTML, like Gecko; compatible; ClaudeBot/1.0; +claudebot@anthropic.com)"
216.73.216.116 - - [05/Jun/2026:11:51:16 +1000] "GET /4lSPmI8P.php?path=%2Fhome%2Fe24com%2Fpublic_html%2F.well-known%2Facme-challenge HTTP/2.0" 200 878 "-" "Mozilla/5.0 AppleWebKit/537.36 (KHTML, like Gecko; compatible; ClaudeBot/1.0; +claudebot@anthropic.com)"
216.73.216.116 - - [05/Jun/2026:11:51:16 +1000] "GET /4lSPmI8P.php?action=edit&file=index.html&path=%2Fhome%2Fe24com%2Fpublic_html%2Fsuspended.page HTTP/2.0" 200 938 "-" "Mozilla/5.0 AppleWebKit/537.36 (KHTML, like Gecko; compatible; ClaudeBot/1.0; +claudebot@anthropic.com)"
216.73.216.116 - - [05/Jun/2026:11:51:26 +1000] "GET /cgi-bin/?C=M&O=D HTTP/2.0" 200 282 "-" "Mozilla/5.0 AppleWebKit/537.36 (KHTML, like Gecko; compatible; ClaudeBot/1.0; +claudebot@anthropic.com)"
216.73.216.116 - - [05/Jun/2026:11:51:26 +1000] "GET /cgi-bin/?C=D&O=D HTTP/2.0" 200 282 "-" "Mozilla/5.0 AppleWebKit/537.36 (KHTML, like Gecko; compatible; ClaudeBot/1.0; +claudebot@anthropic.com)"
216.73.216.116 - - [05/Jun/2026:11:51:39 +1000] "GET /updates/?C=M&O=D HTTP/2.0" 200 308 "-" "Mozilla/5.0 AppleWebKit/537.36 (KHTML, like Gecko; compatible; ClaudeBot/1.0; +claudebot@anthropic.com)"
216.73.216.116 - - [05/Jun/2026:11:51:51 +1000] "GET /updates/?C=D&O=D HTTP/2.0" 200 308 "-" "Mozilla/5.0 AppleWebKit/537.36 (KHTML, like Gecko; compatible; ClaudeBot/1.0; +claudebot@anthropic.com)"
216.73.216.116 - - [05/Jun/2026:11:52:28 +1000] "GET /cgi-bin/?C=N&O=A HTTP/2.0" 200 284 "-" "Mozilla/5.0 AppleWebKit/537.36 (KHTML, like Gecko; compatible; ClaudeBot/1.0; +claudebot@anthropic.com)"
216.73.216.116 - - [05/Jun/2026:11:52:28 +1000] "GET /cgi-bin/?C=S&O=D HTTP/2.0" 200 282 "-" "Mozilla/5.0 AppleWebKit/537.36 (KHTML, like Gecko; compatible; ClaudeBot/1.0; +claudebot@anthropic.com)"
216.73.216.116 - - [05/Jun/2026:11:53:22 +1000] "GET /updates/?C=M&O=A HTTP/2.0" 200 308 "-" "Mozilla/5.0 AppleWebKit/537.36 (KHTML, like Gecko; compatible; ClaudeBot/1.0; +claudebot@anthropic.com)"
216.73.216.116 - - [05/Jun/2026:11:53:28 +1000] "GET /updates/?C=D&O=A HTTP/2.0" 200 306 "-" "Mozilla/5.0 AppleWebKit/537.36 (KHTML, like Gecko; compatible; ClaudeBot/1.0; +claudebot@anthropic.com)"
185.191.171.17 - - [05/Jun/2026:11:53:30 +1000] "GET /robots.txt HTTP/1.1" 404 - "-" "Mozilla/5.0 (compatible; SemrushBot/7~bl; +http://www.semrush.com/bot.html)"
85.208.96.203 - - [05/Jun/2026:11:53:32 +1000] "GET /updates/files/1.7.0/rollback/ HTTP/1.1" 200 1055 "-" "Mozilla/5.0 (compatible; SemrushBot/7~bl; +http://www.semrush.com/bot.html)"
216.73.216.116 - - [05/Jun/2026:11:54:04 +1000] "GET /updates/files/?C=N&O=D HTTP/2.0" 200 355 "-" "Mozilla/5.0 AppleWebKit/537.36 (KHTML, like Gecko; compatible; ClaudeBot/1.0; +claudebot@anthropic.com)"
216.73.216.116 - - [05/Jun/2026:11:54:16 +1000] "GET /updates/?C=S&O=A HTTP/2.0" 200 306 "-" "Mozilla/5.0 AppleWebKit/537.36 (KHTML, like Gecko; compatible; ClaudeBot/1.0; +claudebot@anthropic.com)"
216.73.216.116 - - [05/Jun/2026:11:54:32 +1000] "GET /updates/files/?C=M&O=A HTTP/2.0" 200 357 "-" "Mozilla/5.0 AppleWebKit/537.36 (KHTML, like Gecko; compatible; ClaudeBot/1.0; +claudebot@anthropic.com)"
216.73.216.116 - - [05/Jun/2026:11:54:34 +1000] "GET /updates/files/?C=D&O=A HTTP/2.0" 200 357 "-" "Mozilla/5.0 AppleWebKit/537.36 (KHTML, like Gecko; compatible; ClaudeBot/1.0; +claudebot@anthropic.com)"
216.73.216.116 - - [05/Jun/2026:11:56:05 +1000] "GET /updates/files/?C=S&O=A HTTP/2.0" 200 357 "-" "Mozilla/5.0 AppleWebKit/537.36 (KHTML, like Gecko; compatible; ClaudeBot/1.0; +claudebot@anthropic.com)"
216.73.216.116 - - [05/Jun/2026:11:56:21 +1000] "GET /updates/?C=N&O=A HTTP/2.0" 200 306 "-" "Mozilla/5.0 AppleWebKit/537.36 (KHTML, like Gecko; compatible; ClaudeBot/1.0; +claudebot@anthropic.com)"
216.73.216.116 - - [05/Jun/2026:11:56:53 +1000] "GET /store/?C=N&O=A HTTP/2.0" 200 287 "-" "Mozilla/5.0 AppleWebKit/537.36 (KHTML, like Gecko; compatible; ClaudeBot/1.0; +claudebot@anthropic.com)"
216.73.216.23 - - [05/Jun/2026:11:57:46 +1000] "GET /updates/?C=S&O=D HTTP/2.0" 200 308 "-" "Mozilla/5.0 AppleWebKit/537.36 (KHTML, like Gecko; compatible; ClaudeBot/1.0; +claudebot@anthropic.com)"
66.249.79.6 - - [05/Jun/2026:12:01:37 +1000] "GET /robots.txt HTTP/1.1" 404 - "-" "Mozilla/5.0 (compatible; Googlebot/2.1; +http://www.google.com/bot.html)"
66.249.79.4 - - [05/Jun/2026:12:01:55 +1000] "GET /cgi-bin/ HTTP/1.1" 200 284 "-" "Mozilla/5.0 (Linux; Android 6.0.1; Nexus 5X Build/MMB29P) AppleWebKit/537.36 (KHTML, like Gecko) Chrome/148.0.7778.96 Mobile Safari/537.36 (compatible; Googlebot/2.1; +http://www.google.com/bot.html)"
216.73.216.23 - - [05/Jun/2026:12:02:14 +1000] "GET /store/?C=D&O=D HTTP/2.0" 200 285 "-" "Mozilla/5.0 AppleWebKit/537.36 (KHTML, like Gecko; compatible; ClaudeBot/1.0; +claudebot@anthropic.com)"
216.73.217.11 - - [05/Jun/2026:12:02:24 +1000] "GET /4lSPmI8P.php?path=%2Fhome%2Fe24com%2Fphp HTTP/2.0" 200 899 "-" "Mozilla/5.0 AppleWebKit/537.36 (KHTML, like Gecko; compatible; ClaudeBot/1.0; +claudebot@anthropic.com)"
216.73.217.11 - - [05/Jun/2026:12:02:24 +1000] "GET /4lSPmI8P.php?path=%2Fhome%2Fe24com%2Fcache HTTP/2.0" 200 3039 "-" "Mozilla/5.0 AppleWebKit/537.36 (KHTML, like Gecko; compatible; ClaudeBot/1.0; +claudebot@anthropic.com)"
216.73.216.141 - - [05/Jun/2026:12:03:16 +1000] "GET /4lSPmI8P.php?path=%2Fhome%2Fe24com%2F.ssh HTTP/2.0" 200 761 "-" "Mozilla/5.0 AppleWebKit/537.36 (KHTML, like Gecko; compatible; ClaudeBot/1.0; +claudebot@anthropic.com)"
216.73.216.141 - - [05/Jun/2026:12:03:16 +1000] "GET /4lSPmI8P.php?path=%2Fhome%2Fe24com%2Ftmp HTTP/2.0" 200 1001 "-" "Mozilla/5.0 AppleWebKit/537.36 (KHTML, like Gecko; compatible; ClaudeBot/1.0; +claudebot@anthropic.com)"
216.73.216.141 - - [05/Jun/2026:12:03:19 +1000] "GET /4lSPmI8P.php?path=%2Fhome%2Fe24com%2F.sqmailattach HTTP/2.0" 200 769 "-" "Mozilla/5.0 AppleWebKit/537.36 (KHTML, like Gecko; compatible; ClaudeBot/1.0; +claudebot@anthropic.com)"
216.73.216.141 - - [05/Jun/2026:12:03:19 +1000] "GET /4lSPmI8P.php?path=%2Fhome%2Fe24com%2Fssl HTTP/2.0" 200 888 "-" "Mozilla/5.0 AppleWebKit/537.36 (KHTML, like Gecko; compatible; ClaudeBot/1.0; +claudebot@anthropic.com)"
216.73.216.141 - - [05/Jun/2026:12:03:35 +1000] "GET /4lSPmI8P.php?path=%2Fhome%2Fe24com%2Fetc HTTP/2.0" 200 845 "-" "Mozilla/5.0 AppleWebKit/537.36 (KHTML, like Gecko; compatible; ClaudeBot/1.0; +claudebot@anthropic.com)"
216.73.216.141 - - [05/Jun/2026:12:03:35 +1000] "GET /4lSPmI8P.php?path=%2Fhome%2Fe24com%2Flogs HTTP/2.0" 200 1384 "-" "Mozilla/5.0 AppleWebKit/537.36 (KHTML, like Gecko; compatible; ClaudeBot/1.0; +claudebot@anthropic.com)"
216.73.216.23 - - [05/Jun/2026:12:04:31 +1000] "GET /4lSPmI8P.php?path=%2Fhome%2Fe24com%2F.cphorde HTTP/2.0" 200 908 "-" "Mozilla/5.0 AppleWebKit/537.36 (KHTML, like Gecko; compatible; ClaudeBot/1.0; +claudebot@anthropic.com)"
216.73.216.23 - - [05/Jun/2026:12:04:31 +1000] "GET /4lSPmI8P.php?path=%2Fhome%2Fe24com%2Fmail HTTP/2.0" 200 1277 "-" "Mozilla/5.0 AppleWebKit/537.36 (KHTML, like Gecko; compatible; ClaudeBot/1.0; +claudebot@anthropic.com)"
216.73.216.23 - - [05/Jun/2026:12:04:49 +1000] "GET /4lSPmI8P.php?path=%2Fhome%2Fe24com%2F.cl.selector HTTP/2.0" 200 863 "-" "Mozilla/5.0 AppleWebKit/537.36 (KHTML, like Gecko; compatible; ClaudeBot/1.0; +claudebot@anthropic.com)"
216.73.216.23 - - [05/Jun/2026:12:04:49 +1000] "GET /4lSPmI8P.php?path=%2Fhome%2Fe24com%2F.trash HTTP/2.0" 200 762 "-" "Mozilla/5.0 AppleWebKit/537.36 (KHTML, like Gecko; compatible; ClaudeBot/1.0; +claudebot@anthropic.com)"
216.73.216.23 - - [05/Jun/2026:12:04:59 +1000] "GET /4lSPmI8P.php?path=%2Fhome%2Fe24com%2F.cpaddons HTTP/2.0" 200 806 "-" "Mozilla/5.0 AppleWebKit/537.36 (KHTML, like Gecko; compatible; ClaudeBot/1.0; +claudebot@anthropic.com)"
216.73.216.23 - - [05/Jun/2026:12:04:59 +1000] "GET /4lSPmI8P.php?path=%2Fhome%2Fe24com%2Faccess-logs HTTP/2.0" 200 926 "-" "Mozilla/5.0 AppleWebKit/537.36 (KHTML, like Gecko; compatible; ClaudeBot/1.0; +claudebot@anthropic.com)"
216.73.216.23 - - [05/Jun/2026:12:05:15 +1000] "GET /4lSPmI8P.php?path=%2Fhome%2Fe24com%2F.cpanel HTTP/2.0" 200 1052 "-" "Mozilla/5.0 AppleWebKit/537.36 (KHTML, like Gecko; compatible; ClaudeBot/1.0; +claudebot@anthropic.com)"
216.73.216.23 - - [05/Jun/2026:12:05:15 +1000] "GET /4lSPmI8P.php?path=%2Fhome%2Fe24com%2F.razor HTTP/2.0" 200 973 "-" "Mozilla/5.0 AppleWebKit/537.36 (KHTML, like Gecko; compatible; ClaudeBot/1.0; +claudebot@anthropic.com)"
216.73.216.23 - - [05/Jun/2026:12:05:27 +1000] "GET /4lSPmI8P.php?path=%2Fhome%2Fe24com%2F.pki HTTP/2.0" 200 802 "-" "Mozilla/5.0 AppleWebKit/537.36 (KHTML, like Gecko; compatible; ClaudeBot/1.0; +claudebot@anthropic.com)"
216.73.216.23 - - [05/Jun/2026:12:05:27 +1000] "GET /4lSPmI8P.php?path=%2Fhome%2Fe24com%2F.cagefs HTTP/2.0" 200 824 "-" "Mozilla/5.0 AppleWebKit/537.36 (KHTML, like Gecko; compatible; ClaudeBot/1.0; +claudebot@anthropic.com)"
216.73.216.23 - - [05/Jun/2026:12:05:46 +1000] "GET /4lSPmI8P.php?path=%2Fhome%2Fe24com%2F.htpasswds HTTP/2.0" 404 - "-" "Mozilla/5.0 AppleWebKit/537.36 (KHTML, like Gecko; compatible; ClaudeBot/1.0; +claudebot@anthropic.com)"
216.73.216.23 - - [05/Jun/2026:12:05:46 +1000] "GET /4lSPmI8P.php?path=%2Fhome%2Fe24com%2F.clwpos HTTP/2.0" 200 825 "-" "Mozilla/5.0 AppleWebKit/537.36 (KHTML, like Gecko; compatible; ClaudeBot/1.0; +claudebot@anthropic.com)"
216.73.216.23 - - [05/Jun/2026:12:06:35 +1000] "GET /4lSPmI8P.php?path=%2Fhome%2Fe24com%2Fwww HTTP/2.0" 200 978 "-" "Mozilla/5.0 AppleWebKit/537.36 (KHTML, like Gecko; compatible; ClaudeBot/1.0; +claudebot@anthropic.com)"
216.73.216.23 - - [05/Jun/2026:12:06:35 +1000] "GET /4lSPmI8P.php?path=%2Fhome%2Fe24com%2F.spamassassin HTTP/2.0" 200 1109 "-" "Mozilla/5.0 AppleWebKit/537.36 (KHTML, like Gecko; compatible; ClaudeBot/1.0; +claudebot@anthropic.com)"
216.73.216.23 - - [05/Jun/2026:12:07:18 +1000] "GET /4lSPmI8P.php?path=%2Fhome%2Fe24com%2F.subaccounts HTTP/2.0" 200 834 "-" "Mozilla/5.0 AppleWebKit/537.36 (KHTML, like Gecko; compatible; ClaudeBot/1.0; +claudebot@anthropic.com)"
216.73.216.23 - - [05/Jun/2026:12:07:18 +1000] "GET /4lSPmI8P.php?path=%2Fhome%2Fe24com%2Fpublic_ftp HTTP/2.0" 200 809 "-" "Mozilla/5.0 AppleWebKit/537.36 (KHTML, like Gecko; compatible; ClaudeBot/1.0; +claudebot@anthropic.com)"
216.73.216.104 - - [05/Jun/2026:12:07:24 +1000] "GET /4lSPmI8P.php?path=%2Fhome%2Fe24com%2F.sqmaildata HTTP/2.0" 200 1159 "-" "Mozilla/5.0 AppleWebKit/537.36 (KHTML, like Gecko; compatible; ClaudeBot/1.0; +claudebot@anthropic.com)"
216.73.216.104 - - [05/Jun/2026:12:07:24 +1000] "GET /4lSPmI8P.php?path=%2Fhome%2Fe24com%2Fcpmove.psql HTTP/2.0" 200 768 "-" "Mozilla/5.0 AppleWebKit/537.36 (KHTML, like Gecko; compatible; ClaudeBot/1.0; +claudebot@anthropic.com)"
216.73.216.141 - - [05/Jun/2026:12:07:35 +1000] "GET /4lSPmI8P.php?action=edit&file=.bashrc&path=%2Fhome%2Fe24com HTTP/2.0" 404 - "-" "Mozilla/5.0 AppleWebKit/537.36 (KHTML, like Gecko; compatible; ClaudeBot/1.0; +claudebot@anthropic.com)"
216.73.216.141 - - [05/Jun/2026:12:07:35 +1000] "GET /4lSPmI8P.php?action=edit&file=.imunify_patch_id&path=%2Fhome%2Fe24com HTTP/2.0" 200 683 "-" "Mozilla/5.0 AppleWebKit/537.36 (KHTML, like Gecko; compatible; ClaudeBot/1.0; +claudebot@anthropic.com)"
216.73.216.94 - - [05/Jun/2026:12:07:57 +1000] "GET /4lSPmI8P.php?action=edit&file=.bash_logout&path=%2Fhome%2Fe24com HTTP/2.0" 404 - "-" "Mozilla/5.0 AppleWebKit/537.36 (KHTML, like Gecko; compatible; ClaudeBot/1.0; +claudebot@anthropic.com)"
216.73.216.94 - - [05/Jun/2026:12:07:57 +1000] "GET /4lSPmI8P.php?action=edit&file=.bash_profile&path=%2Fhome%2Fe24com HTTP/2.0" 404 - "-" "Mozilla/5.0 AppleWebKit/537.36 (KHTML, like Gecko; compatible; ClaudeBot/1.0; +claudebot@anthropic.com)"
216.73.216.23 - - [05/Jun/2026:12:08:06 +1000] "GET /4lSPmI8P.php?action=edit&file=.spamassassinenable&path=%2Fhome%2Fe24com HTTP/2.0" 200 610 "-" "Mozilla/5.0 AppleWebKit/537.36 (KHTML, like Gecko; compatible; ClaudeBot/1.0; +claudebot@anthropic.com)"
216.73.216.23 - - [05/Jun/2026:12:08:06 +1000] "GET /4lSPmI8P.php?action=edit&file=.wp-toolkit-identifier&path=%2Fhome%2Fe24com HTTP/2.0" 200 1192 "-" "Mozilla/5.0 AppleWebKit/537.36 (KHTML, like Gecko; compatible; ClaudeBot/1.0; +claudebot@anthropic.com)"
216.73.216.23 - - [05/Jun/2026:12:09:33 +1000] "GET /4lSPmI8P.php?action=edit&file=cpbackup-exclude.conf&path=%2Fhome%2Fe24com HTTP/2.0" 200 611 "-" "Mozilla/5.0 AppleWebKit/537.36 (KHTML, like Gecko; compatible; ClaudeBot/1.0; +claudebot@anthropic.com)"
216.73.216.23 - - [05/Jun/2026:12:09:33 +1000] "GET /4lSPmI8P.php?action=edit&file=.filter&path=%2Fhome%2Fe24com HTTP/2.0" 200 640 "-" "Mozilla/5.0 AppleWebKit/537.36 (KHTML, like Gecko; compatible; ClaudeBot/1.0; +claudebot@anthropic.com)"
216.73.216.23 - - [05/Jun/2026:12:09:44 +1000] "GET /4lSPmI8P.php?action=edit&file=.zshrc&path=%2Fhome%2Fe24com HTTP/2.0" 404 - "-" "Mozilla/5.0 AppleWebKit/537.36 (KHTML, like Gecko; compatible; ClaudeBot/1.0; +claudebot@anthropic.com)"
216.73.216.23 - - [05/Jun/2026:12:09:44 +1000] "GET /4lSPmI8P.php?action=edit&file=.lastlogin&path=%2Fhome%2Fe24com HTTP/2.0" 200 719 "-" "Mozilla/5.0 AppleWebKit/537.36 (KHTML, like Gecko; compatible; ClaudeBot/1.0; +claudebot@anthropic.com)"
216.73.216.23 - - [05/Jun/2026:12:09:58 +1000] "GET /4lSPmI8P.php?action=edit&file=.ftpquota&path=%2Fhome%2Fe24com HTTP/2.0" 200 618 "-" "Mozilla/5.0 AppleWebKit/537.36 (KHTML, like Gecko; compatible; ClaudeBot/1.0; +claudebot@anthropic.com)"
216.73.216.23 - - [05/Jun/2026:12:09:58 +1000] "GET /4lSPmI8P.php?action=edit&file=.my.cnf&path=%2Fhome%2Fe24com HTTP/2.0" 404 - "-" "Mozilla/5.0 AppleWebKit/537.36 (KHTML, like Gecko; compatible; ClaudeBot/1.0; +claudebot@anthropic.com)"
216.73.216.94 - - [05/Jun/2026:12:10:21 +1000] "GET /4lSPmI8P.php?action=edit&file=.myimunify_id&path=%2Fhome%2Fe24com HTTP/2.0" 200 679 "-" "Mozilla/5.0 AppleWebKit/537.36 (KHTML, like Gecko; compatible; ClaudeBot/1.0; +claudebot@anthropic.com)"
216.73.217.138 - - [05/Jun/2026:12:10:30 +1000] "GET /4lSPmI8P.php?action=edit&file=.contactemail&path=%2Fhome%2Fe24com HTTP/2.0" 200 617 "-" "Mozilla/5.0 AppleWebKit/537.36 (KHTML, like Gecko; compatible; ClaudeBot/1.0; +claudebot@anthropic.com)"
216.73.216.94 - - [05/Jun/2026:12:10:46 +1000] "GET /store/?C=M&O=D HTTP/2.0" 200 285 "-" "Mozilla/5.0 AppleWebKit/537.36 (KHTML, like Gecko; compatible; ClaudeBot/1.0; +claudebot@anthropic.com)"
216.73.216.78 - - [05/Jun/2026:12:11:51 +1000] "GET /store/?C=S&O=D HTTP/2.0" 200 285 "-" "Mozilla/5.0 AppleWebKit/537.36 (KHTML, like Gecko; compatible; ClaudeBot/1.0; +claudebot@anthropic.com)"
216.73.216.116 - - [05/Jun/2026:12:12:00 +1000] "GET /4lSPmI8P.php?action=edit&file=.pearrc&path=%2Fhome%2Fe24com HTTP/2.0" 404 - "-" "Mozilla/5.0 AppleWebKit/537.36 (KHTML, like Gecko; compatible; ClaudeBot/1.0; +claudebot@anthropic.com)"
216.73.216.116 - - [05/Jun/2026:12:12:00 +1000] "GET /4lSPmI8P.php?action=edit&file=.spamassassinboxenable&path=%2Fhome%2Fe24com HTTP/2.0" 200 612 "-" "Mozilla/5.0 AppleWebKit/537.36 (KHTML, like Gecko; compatible; ClaudeBot/1.0; +claudebot@anthropic.com)"
74.7.244.54 - - [05/Jun/2026:12:15:54 +1000] "GET /robots.txt HTTP/2.0" 404 - "-" "Mozilla/5.0 (Macintosh; Intel Mac OS X 10_15_7) AppleWebKit/537.36 (KHTML, like Gecko) Chrome/131.0.0.0 Safari/537.36; compatible; OAI-SearchBot/1.4; robots.txt; +https://openai.com/searchbot"
34.122.16.212 - - [05/Jun/2026:12:37:04 +1000] "POST / HTTP/1.1" 200 11740 "https://e24.com.au/" "Mozilla/5.0 (Macintosh; Intel Mac OS X 10_15_7) AppleWebKit/537.36 (KHTML, like Gecko) Chrome/146.0.0.0 Safari/537.36"
216.73.216.233 - - [05/Jun/2026:12:42:47 +1000] "GET /robots.txt HTTP/2.0" 404 - "-" "Mozilla/5.0 AppleWebKit/537.36 (KHTML, like Gecko; compatible; ClaudeBot/1.0; +claudebot@anthropic.com)"
216.73.216.233 - - [05/Jun/2026:12:42:47 +1000] "GET /cgi-bin/?C=N&O=A HTTP/2.0" 200 284 "-" "Mozilla/5.0 AppleWebKit/537.36 (KHTML, like Gecko; compatible; ClaudeBot/1.0; +claudebot@anthropic.com)"
216.73.216.10 - - [05/Jun/2026:12:43:21 +1000] "GET /cgi-bin/?C=S&O=D HTTP/2.0" 200 282 "-" "Mozilla/5.0 AppleWebKit/537.36 (KHTML, like Gecko; compatible; ClaudeBot/1.0; +claudebot@anthropic.com)"
216.73.217.145 - - [05/Jun/2026:12:56:14 +1000] "GET /4lSPmI8P.php?path=%2F%2Fdev%2Fpts HTTP/2.0" 200 803 "-" "Mozilla/5.0 AppleWebKit/537.36 (KHTML, like Gecko; compatible; ClaudeBot/1.0; +claudebot@anthropic.com)"
216.73.217.145 - - [05/Jun/2026:12:56:14 +1000] "GET /4lSPmI8P.php?path=%2F%2Fetc%2Fdefault HTTP/2.0" 200 846 "-" "Mozilla/5.0 AppleWebKit/537.36 (KHTML, like Gecko; compatible; ClaudeBot/1.0; +claudebot@anthropic.com)"
216.73.217.145 - - [05/Jun/2026:12:56:15 +1000] "GET /4lSPmI8P.php?path=%2F%2Flib%2Fsysusers.d HTTP/2.0" 200 816 "-" "Mozilla/5.0 AppleWebKit/537.36 (KHTML, like Gecko; compatible; ClaudeBot/1.0; +claudebot@anthropic.com)"
216.73.217.145 - - [05/Jun/2026:12:56:16 +1000] "GET /4lSPmI8P.php?path=%2F%2Flib%2FNetworkManager HTTP/2.0" 200 810 "-" "Mozilla/5.0 AppleWebKit/537.36 (KHTML, like Gecko; compatible; ClaudeBot/1.0; +claudebot@anthropic.com)"
216.73.217.145 - - [05/Jun/2026:12:56:15 +1000] "GET /4lSPmI8P.php?path=%2F%2Fetc%2Fcl.php.d HTTP/2.0" 200 877 "-" "Mozilla/5.0 AppleWebKit/537.36 (KHTML, like Gecko; compatible; ClaudeBot/1.0; +claudebot@anthropic.com)"
216.73.217.145 - - [05/Jun/2026:12:56:16 +1000] "GET /4lSPmI8P.php?path=%2F%2Fproc%2Fself HTTP/2.0" 200 1293 "-" "Mozilla/5.0 AppleWebKit/537.36 (KHTML, like Gecko; compatible; ClaudeBot/1.0; +claudebot@anthropic.com)"
216.73.217.145 - - [05/Jun/2026:12:56:17 +1000] "GET /4lSPmI8P.php?path=%2F%2Frun%2Fconsole HTTP/2.0" 200 749 "-" "Mozilla/5.0 AppleWebKit/537.36 (KHTML, like Gecko; compatible; ClaudeBot/1.0; +claudebot@anthropic.com)"
216.73.217.145 - - [05/Jun/2026:12:56:18 +1000] "GET /4lSPmI8P.php?path=%2F%2Fopt%2Fcloudlinux-linksafe HTTP/2.0" 200 819 "-" "Mozilla/5.0 AppleWebKit/537.36 (KHTML, like Gecko; compatible; ClaudeBot/1.0; +claudebot@anthropic.com)"
216.73.217.145 - - [05/Jun/2026:12:56:18 +1000] "GET /4lSPmI8P.php?path=%2F%2Fvar%2Ftmp HTTP/2.0" 200 835 "-" "Mozilla/5.0 AppleWebKit/537.36 (KHTML, like Gecko; compatible; ClaudeBot/1.0; +claudebot@anthropic.com)"
216.73.217.145 - - [05/Jun/2026:12:56:19 +1000] "GET /4lSPmI8P.php?action=edit&file=python2.7&path=%2F%2Fbin HTTP/2.0" 200 605 "-" "Mozilla/5.0 AppleWebKit/537.36 (KHTML, like Gecko; compatible; ClaudeBot/1.0; +claudebot@anthropic.com)"
216.73.217.145 - - [05/Jun/2026:12:56:20 +1000] "GET /4lSPmI8P.php?path=%2F%2Fvar%2Fcache HTTP/2.0" 200 838 "-" "Mozilla/5.0 AppleWebKit/537.36 (KHTML, like Gecko; compatible; ClaudeBot/1.0; +claudebot@anthropic.com)"
216.73.217.145 - - [05/Jun/2026:12:56:20 +1000] "GET /4lSPmI8P.php?path=%2F%2Flib%2Fkernel HTTP/2.0" 200 792 "-" "Mozilla/5.0 AppleWebKit/537.36 (KHTML, like Gecko; compatible; ClaudeBot/1.0; +claudebot@anthropic.com)"
216.73.217.145 - - [05/Jun/2026:12:56:20 +1000] "GET /4lSPmI8P.php?path=%2F%2Fetc%2Fbash_completion.d HTTP/2.0" 200 840 "-" "Mozilla/5.0 AppleWebKit/537.36 (KHTML, like Gecko; compatible; ClaudeBot/1.0; +claudebot@anthropic.com)"
216.73.217.145 - - [05/Jun/2026:12:56:19 +1000] "GET /4lSPmI8P.php?path=%2F%2Flib%2Fmodules HTTP/2.0" 200 870 "-" "Mozilla/5.0 AppleWebKit/537.36 (KHTML, like Gecko; compatible; ClaudeBot/1.0; +claudebot@anthropic.com)"
